{"id":991,"date":"2022-03-06T11:44:27","date_gmt":"2022-03-06T11:44:27","guid":{"rendered":"http:\/\/tiendabaldini.com.ar\/?post_type=product&#038;p=991"},"modified":"2022-03-06T11:47:00","modified_gmt":"2022-03-06T11:47:00","slug":"vitamina-ade-x-100-ml-2375","status":"publish","type":"product","link":"https:\/\/tiendabaldini.com.ar\/index.php\/product\/vitamina-ade-x-100-ml-2375\/","title":{"rendered":"VITAMINA ADE x 100 ML (2375)"},"content":{"rendered":"<p><strong>Descripci\u00f3n:<\/strong><\/p>\n<p>Vitam\u00ednico.<\/p>\n<p><strong>Indicaciones:<\/strong><\/p>\n<p>Factor indispensable del crecimiento y de la reproducci\u00f3n. Protecci\u00f3n de epitelios y mucosas. Resistencia a la infecci\u00f3n. Agente catal\u00edtico esencial de la osificaci\u00f3n del esqueleto en los animales j\u00f3venes. Previene y cura el raquitismo y las avitaminosis A, D y E. Indispensable para el metabolismo del tejido muscular y nervioso (miopat\u00edas, distrofias musculares). Gestaci\u00f3n anormal. Trastornos de la reproducci\u00f3n.<\/p>\n<ul>\n<li>Frasco ampolla x 100 ml.<\/li>\n<\/ul>\n","protected":false},"excerpt":{"rendered":"<p><strong>Descripci\u00f3n:<\/strong><\/p>\n<p>Vitam\u00ednico.<\/p>\n<p><strong>Indicaciones:<\/strong><\/p>\n<p>Factor indispensable del crecimiento y de la reproducci\u00f3n. Protecci\u00f3n de epitelios y mucosas. Resistencia a la infecci\u00f3n. Agente catal\u00edtico esencial de la osificaci\u00f3n del esqueleto en los animales j\u00f3venes. Previene y cura el raquitismo y las avitaminosis A, D y E. Indispensable para el metabolismo del tejido muscular y nervioso (miopat\u00edas, distrofias musculares). Gestaci\u00f3n anormal. Trastornos de la reproducci\u00f3n.<\/p>\n<ul>\n<li>Frasco ampolla x 100 ml.<\/li>\n<\/ul>\n","protected":false},"featured_media":992,"template":"","meta":[],"product_cat":[173,19],"product_tag":[174,42,45],"_links":{"self":[{"href":"https:\/\/tiendabaldini.com.ar\/index.php\/wp-json\/wp\/v2\/product\/991"}],"collection":[{"href":"https:\/\/tiendabaldini.com.ar\/index.php\/wp-json\/wp\/v2\/product"}],"about":[{"href":"https:\/\/tiendabaldini.com.ar\/index.php\/wp-json\/wp\/v2\/types\/product"}],"wp:featuredmedia":[{"embeddable":true,"href":"https:\/\/tiendabaldini.com.ar\/index.php\/wp-json\/wp\/v2\/media\/992"}],"wp:attachment":[{"href":"https:\/\/tiendabaldini.com.ar\/index.php\/wp-json\/wp\/v2\/media?parent=991"}],"wp:term":[{"taxonomy":"product_cat","embeddable":true,"href":"https:\/\/tiendabaldini.com.ar\/index.php\/wp-json\/wp\/v2\/product_cat?post=991"},{"taxonomy":"product_tag","embeddable":true,"href":"https:\/\/tiendabaldini.com.ar\/index.php\/wp-json\/wp\/v2\/product_tag?post=991"}],"curies":[{"name":"wp","href":"https:\/\/api.w.org\/{rel}","templated":true}]}}