{"id":979,"date":"2022-03-06T11:22:17","date_gmt":"2022-03-06T11:22:17","guid":{"rendered":"http:\/\/tiendabaldini.com.ar\/?post_type=product&#038;p=979"},"modified":"2022-03-06T11:23:09","modified_gmt":"2022-03-06T11:23:09","slug":"equicistan-free-x-100-ml-0031","status":"publish","type":"product","link":"https:\/\/tiendabaldini.com.ar\/index.php\/product\/equicistan-free-x-100-ml-0031\/","title":{"rendered":"EQUICISTAN FREE x 100 ml (0031)"},"content":{"rendered":"<p><strong>Descripci\u00f3n:<\/strong><\/p>\n<p>Desfatigante metab\u00f3lico que incrementa la actividad coenzimatica del ciclo del acido c\u00edtrico. Energizante.<\/p>\n<p><strong>Indicaciones:<\/strong><\/p>\n<p>Normaliza los desequilibrios metab\u00f3licos, especialmente de los Hidratos de Carbono. Estados de cetonemia (hembras ca\u00eddas post-parto), crisis metab\u00f3licas, miopat\u00edas, envaraduras, etc. Evitar el tratamiento en animales con pre\u00f1ez avanzada.<\/p>\n<ul>\n<li>Frasco ampolla x 100 ml.<\/li>\n<\/ul>\n","protected":false},"excerpt":{"rendered":"<p><strong>Descripci\u00f3n:<\/strong><\/p>\n<p>Desfatigante metab\u00f3lico que incrementa la actividad coenzimatica del ciclo del acido c\u00edtrico. Energizante.<\/p>\n<p><strong>Indicaciones:<\/strong><\/p>\n<p>Normaliza los desequilibrios metab\u00f3licos, especialmente de los Hidratos de Carbono. Estados de cetonemia (hembras ca\u00eddas post-parto), crisis metab\u00f3licas, miopat\u00edas, envaraduras, etc. Evitar el tratamiento en animales con pre\u00f1ez avanzada.<\/p>\n<ul>\n<li>Frasco ampolla x 100 ml.<\/li>\n<\/ul>\n","protected":false},"featured_media":980,"template":"","meta":[],"product_cat":[173,19],"product_tag":[174,97,42],"_links":{"self":[{"href":"https:\/\/tiendabaldini.com.ar\/index.php\/wp-json\/wp\/v2\/product\/979"}],"collection":[{"href":"https:\/\/tiendabaldini.com.ar\/index.php\/wp-json\/wp\/v2\/product"}],"about":[{"href":"https:\/\/tiendabaldini.com.ar\/index.php\/wp-json\/wp\/v2\/types\/product"}],"wp:featuredmedia":[{"embeddable":true,"href":"https:\/\/tiendabaldini.com.ar\/index.php\/wp-json\/wp\/v2\/media\/980"}],"wp:attachment":[{"href":"https:\/\/tiendabaldini.com.ar\/index.php\/wp-json\/wp\/v2\/media?parent=979"}],"wp:term":[{"taxonomy":"product_cat","embeddable":true,"href":"https:\/\/tiendabaldini.com.ar\/index.php\/wp-json\/wp\/v2\/product_cat?post=979"},{"taxonomy":"product_tag","embeddable":true,"href":"https:\/\/tiendabaldini.com.ar\/index.php\/wp-json\/wp\/v2\/product_tag?post=979"}],"curies":[{"name":"wp","href":"https:\/\/api.w.org\/{rel}","templated":true}]}}