{"id":916,"date":"2022-02-24T09:46:34","date_gmt":"2022-02-24T09:46:34","guid":{"rendered":"http:\/\/tiendabaldini.com.ar\/?post_type=product&#038;p=916"},"modified":"2022-02-24T09:53:12","modified_gmt":"2022-02-24T09:53:12","slug":"nabolic-strong-pets-x-10cc-2150","status":"publish","type":"product","link":"https:\/\/tiendabaldini.com.ar\/index.php\/product\/nabolic-strong-pets-x-10cc-2150\/","title":{"rendered":"NABOLIC STRONG pets x 10CC (2150)"},"content":{"rendered":"<p><strong>Descripci\u00f3n:<\/strong><\/p>\n<p>Anab\u00f3lico inyectable de alta concentraci\u00f3n.<\/p>\n<p><strong>Indicaciones:<\/strong><\/p>\n<p>Indicado cuando el objetivo de la terap\u00e9utica es incrementar el apetito, promover la ganancia de peso e incrementar la potencia y la vitalidad. En animales debilitados con condiciones f\u00edsicas disminuidas, casos de geriatr\u00eda, osteoporosis, para acelerar la recuperaci\u00f3n en casos de cirug\u00eda, injurias traum\u00e1ticas, distrofias musculares, afecciones ortop\u00e9dicas, reparaci\u00f3n de fracturas y deficiencias \u00f3seas en general. En la recuperaci\u00f3n de animales con anemias cr\u00f3nicas, especialmente las apl\u00e1sicas, por producci\u00f3n de eritropoyetina tanto renal como extrarrenal. Caninos y felinos.<\/p>\n<ul>\n<li>Frasco x 10 ml.<\/li>\n<\/ul>\n","protected":false},"excerpt":{"rendered":"<p><strong>Descripci\u00f3n:<\/strong><\/p>\n<p>Anab\u00f3lico inyectable de alta concentraci\u00f3n.<\/p>\n<p><strong>Indicaciones:<\/strong><\/p>\n<p>Indicado cuando el objetivo de la terap\u00e9utica es incrementar el apetito, promover la ganancia de peso e incrementar la potencia y la vitalidad. En animales debilitados con condiciones f\u00edsicas disminuidas, casos de geriatr\u00eda, osteoporosis, para acelerar la recuperaci\u00f3n en casos de cirug\u00eda, injurias traum\u00e1ticas, distrofias musculares, afecciones ortop\u00e9dicas, reparaci\u00f3n de fracturas y deficiencias \u00f3seas en general. En la recuperaci\u00f3n de animales con anemias cr\u00f3nicas, especialmente las apl\u00e1sicas, por producci\u00f3n de eritropoyetina tanto renal como extrarrenal. Caninos y felinos.<\/p>\n<ul>\n<li>Frasco x 10 ml.<\/li>\n<\/ul>\n","protected":false},"featured_media":917,"template":"","meta":[],"product_cat":[140,19],"product_tag":[170,141,42,78],"_links":{"self":[{"href":"https:\/\/tiendabaldini.com.ar\/index.php\/wp-json\/wp\/v2\/product\/916"}],"collection":[{"href":"https:\/\/tiendabaldini.com.ar\/index.php\/wp-json\/wp\/v2\/product"}],"about":[{"href":"https:\/\/tiendabaldini.com.ar\/index.php\/wp-json\/wp\/v2\/types\/product"}],"wp:featuredmedia":[{"embeddable":true,"href":"https:\/\/tiendabaldini.com.ar\/index.php\/wp-json\/wp\/v2\/media\/917"}],"wp:attachment":[{"href":"https:\/\/tiendabaldini.com.ar\/index.php\/wp-json\/wp\/v2\/media?parent=916"}],"wp:term":[{"taxonomy":"product_cat","embeddable":true,"href":"https:\/\/tiendabaldini.com.ar\/index.php\/wp-json\/wp\/v2\/product_cat?post=916"},{"taxonomy":"product_tag","embeddable":true,"href":"https:\/\/tiendabaldini.com.ar\/index.php\/wp-json\/wp\/v2\/product_tag?post=916"}],"curies":[{"name":"wp","href":"https:\/\/api.w.org\/{rel}","templated":true}]}}