{"id":895,"date":"2022-02-24T09:08:13","date_gmt":"2022-02-24T09:08:13","guid":{"rendered":"http:\/\/tiendabaldini.com.ar\/?post_type=product&#038;p=895"},"modified":"2022-02-24T09:12:37","modified_gmt":"2022-02-24T09:12:37","slug":"hepatofield-x-1000-cc-0367","status":"publish","type":"product","link":"https:\/\/tiendabaldini.com.ar\/index.php\/product\/hepatofield-x-1000-cc-0367\/","title":{"rendered":"HEPATOFIELD x 1000 cc (0367)"},"content":{"rendered":"<p><strong>Descripci\u00f3n:<\/strong><\/p>\n<p>Desintoxicante hep\u00e1tico para equinos. V\u00eda oral.<\/p>\n<p><strong>Indicaciones:<\/strong><\/p>\n<p>Insuficiencia hep\u00e1tica. Intoxicaciones medicamentosas. Falta de apetito. Training. Sobreentrenamiento. Activaci\u00f3n de la funci\u00f3n hep\u00e1tica.<\/p>\n<ul>\n<li>Frasco x 1 L.<\/li>\n<\/ul>\n","protected":false},"excerpt":{"rendered":"<p><strong>Descripci\u00f3n:<\/strong><\/p>\n<p>Desintoxicante hep\u00e1tico para equinos. V\u00eda oral.<\/p>\n<p><strong>Indicaciones:<\/strong><\/p>\n<p>Insuficiencia hep\u00e1tica. Intoxicaciones medicamentosas. Falta de apetito. Training. Sobreentrenamiento. Activaci\u00f3n de la funci\u00f3n hep\u00e1tica.<\/p>\n<ul>\n<li>Frasco x 1 L.<\/li>\n<\/ul>\n","protected":false},"featured_media":896,"template":"","meta":[],"product_cat":[140,19],"product_tag":[141,116,42,80],"_links":{"self":[{"href":"https:\/\/tiendabaldini.com.ar\/index.php\/wp-json\/wp\/v2\/product\/895"}],"collection":[{"href":"https:\/\/tiendabaldini.com.ar\/index.php\/wp-json\/wp\/v2\/product"}],"about":[{"href":"https:\/\/tiendabaldini.com.ar\/index.php\/wp-json\/wp\/v2\/types\/product"}],"wp:featuredmedia":[{"embeddable":true,"href":"https:\/\/tiendabaldini.com.ar\/index.php\/wp-json\/wp\/v2\/media\/896"}],"wp:attachment":[{"href":"https:\/\/tiendabaldini.com.ar\/index.php\/wp-json\/wp\/v2\/media?parent=895"}],"wp:term":[{"taxonomy":"product_cat","embeddable":true,"href":"https:\/\/tiendabaldini.com.ar\/index.php\/wp-json\/wp\/v2\/product_cat?post=895"},{"taxonomy":"product_tag","embeddable":true,"href":"https:\/\/tiendabaldini.com.ar\/index.php\/wp-json\/wp\/v2\/product_tag?post=895"}],"curies":[{"name":"wp","href":"https:\/\/api.w.org\/{rel}","templated":true}]}}