{"id":885,"date":"2022-02-24T08:25:27","date_gmt":"2022-02-24T08:25:27","guid":{"rendered":"http:\/\/tiendabaldini.com.ar\/?post_type=product&#038;p=885"},"modified":"2022-02-24T09:01:39","modified_gmt":"2022-02-24T09:01:39","slug":"glucosa-vitaminada-d-iny-x-250-cc-0363","status":"publish","type":"product","link":"https:\/\/tiendabaldini.com.ar\/index.php\/product\/glucosa-vitaminada-d-iny-x-250-cc-0363\/","title":{"rendered":"GLUCOSA VITAMINADA D iny. x 250 cc (0363)"},"content":{"rendered":"<p><strong>Descripci\u00f3n:<\/strong><\/p>\n<p>Desintoxicante. Hepatoprotector. Antian\u00e9mico. Antineur\u00edtico. Inyectable.<\/p>\n<p><strong>Indicaciones:<\/strong><\/p>\n<p>Hepatoprotector. Stress. Deshidrataci\u00f3n. Post-operatorios. Intoxicaciones. Energ\u00e9tico y Reconstituyente. Para obtener r\u00e1pida recuperaci\u00f3n.<\/p>\n<ul>\n<li>Frasco ampolla x 250 ml.<\/li>\n<\/ul>\n","protected":false},"excerpt":{"rendered":"<p><strong>Descripci\u00f3n:<\/strong><\/p>\n<p>Desintoxicante. Hepatoprotector. Antian\u00e9mico. Antineur\u00edtico. Inyectable.<\/p>\n<p><strong>Indicaciones:<\/strong><\/p>\n<p>Hepatoprotector. Stress. Deshidrataci\u00f3n. Post-operatorios. Intoxicaciones. Energ\u00e9tico y Reconstituyente. Para obtener r\u00e1pida recuperaci\u00f3n.<\/p>\n<ul>\n<li>Frasco ampolla x 250 ml.<\/li>\n<\/ul>\n","protected":false},"featured_media":887,"template":"","meta":[],"product_cat":[140,19],"product_tag":[36,166,141,116,42,90],"_links":{"self":[{"href":"https:\/\/tiendabaldini.com.ar\/index.php\/wp-json\/wp\/v2\/product\/885"}],"collection":[{"href":"https:\/\/tiendabaldini.com.ar\/index.php\/wp-json\/wp\/v2\/product"}],"about":[{"href":"https:\/\/tiendabaldini.com.ar\/index.php\/wp-json\/wp\/v2\/types\/product"}],"wp:featuredmedia":[{"embeddable":true,"href":"https:\/\/tiendabaldini.com.ar\/index.php\/wp-json\/wp\/v2\/media\/887"}],"wp:attachment":[{"href":"https:\/\/tiendabaldini.com.ar\/index.php\/wp-json\/wp\/v2\/media?parent=885"}],"wp:term":[{"taxonomy":"product_cat","embeddable":true,"href":"https:\/\/tiendabaldini.com.ar\/index.php\/wp-json\/wp\/v2\/product_cat?post=885"},{"taxonomy":"product_tag","embeddable":true,"href":"https:\/\/tiendabaldini.com.ar\/index.php\/wp-json\/wp\/v2\/product_tag?post=885"}],"curies":[{"name":"wp","href":"https:\/\/api.w.org\/{rel}","templated":true}]}}