{"id":873,"date":"2022-02-24T06:50:57","date_gmt":"2022-02-24T06:50:57","guid":{"rendered":"http:\/\/tiendabaldini.com.ar\/?post_type=product&#038;p=873"},"modified":"2022-02-24T06:53:29","modified_gmt":"2022-02-24T06:53:29","slug":"extracto-de-placenta-caja-x-5-fcos-0358","status":"publish","type":"product","link":"https:\/\/tiendabaldini.com.ar\/index.php\/product\/extracto-de-placenta-caja-x-5-fcos-0358\/","title":{"rendered":"EXTRACTO DE PLACENTA (CAJA X 5 FCOS) (0358)"},"content":{"rendered":"<p><strong>Descripci\u00f3n:<\/strong><\/p>\n<p>Estimulante biol\u00f3gico del metabolismo y de las defensas org\u00e1nicas para equino deportivo.<\/p>\n<p><strong>Indicaciones:<\/strong><\/p>\n<p>Como rejuvenecedor en animales de edad o con deficiencia f\u00edsica o metab\u00f3lica. Como estimulante de la recuperaci\u00f3n f\u00edsica y de la secreci\u00f3n l\u00e1ctea en hembras reci\u00e9n paridas. Para regular los procesos ligados a la esfera genital en hembras j\u00f3venes. Para evitar la criptorqu\u00eddia (retenci\u00f3n de test\u00edculos) en machos j\u00f3venes.<\/p>\n<ul>\n<li>Estuche conteniendo 5 Frascos ampolla x 20 ml c\/u.<\/li>\n<\/ul>\n","protected":false},"excerpt":{"rendered":"<p><strong>Descripci\u00f3n:<\/strong><\/p>\n<p>Estimulante biol\u00f3gico del metabolismo y de las defensas org\u00e1nicas para equino deportivo.<\/p>\n<p><strong>Indicaciones:<\/strong><\/p>\n<p>Como rejuvenecedor en animales de edad o con deficiencia f\u00edsica o metab\u00f3lica. Como estimulante de la recuperaci\u00f3n f\u00edsica y de la secreci\u00f3n l\u00e1ctea en hembras reci\u00e9n paridas. Para regular los procesos ligados a la esfera genital en hembras j\u00f3venes. Para evitar la criptorqu\u00eddia (retenci\u00f3n de test\u00edculos) en machos j\u00f3venes.<\/p>\n<ul>\n<li>Estuche conteniendo 5 Frascos ampolla x 20 ml c\/u.<\/li>\n<\/ul>\n","protected":false},"featured_media":874,"template":"","meta":[],"product_cat":[140,19],"product_tag":[141,55,42],"_links":{"self":[{"href":"https:\/\/tiendabaldini.com.ar\/index.php\/wp-json\/wp\/v2\/product\/873"}],"collection":[{"href":"https:\/\/tiendabaldini.com.ar\/index.php\/wp-json\/wp\/v2\/product"}],"about":[{"href":"https:\/\/tiendabaldini.com.ar\/index.php\/wp-json\/wp\/v2\/types\/product"}],"wp:featuredmedia":[{"embeddable":true,"href":"https:\/\/tiendabaldini.com.ar\/index.php\/wp-json\/wp\/v2\/media\/874"}],"wp:attachment":[{"href":"https:\/\/tiendabaldini.com.ar\/index.php\/wp-json\/wp\/v2\/media?parent=873"}],"wp:term":[{"taxonomy":"product_cat","embeddable":true,"href":"https:\/\/tiendabaldini.com.ar\/index.php\/wp-json\/wp\/v2\/product_cat?post=873"},{"taxonomy":"product_tag","embeddable":true,"href":"https:\/\/tiendabaldini.com.ar\/index.php\/wp-json\/wp\/v2\/product_tag?post=873"}],"curies":[{"name":"wp","href":"https:\/\/api.w.org\/{rel}","templated":true}]}}