{"id":862,"date":"2022-02-24T06:32:20","date_gmt":"2022-02-24T06:32:20","guid":{"rendered":"http:\/\/tiendabaldini.com.ar\/?post_type=product&#038;p=862"},"modified":"2022-02-24T06:34:18","modified_gmt":"2022-02-24T06:34:18","slug":"dexametasona-compuesta-0350","status":"publish","type":"product","link":"https:\/\/tiendabaldini.com.ar\/index.php\/product\/dexametasona-compuesta-0350\/","title":{"rendered":"DEXAMETASONA COMPUESTA  (0350)"},"content":{"rendered":"<p><strong>Descripci\u00f3n:<\/strong><\/p>\n<p>Antiinflamatorio. Antial\u00e9rgico.<\/p>\n<p><strong>Indicaciones:<\/strong><\/p>\n<p>Procesos inflamatorios de cualquier etiolog\u00eda y localizaci\u00f3n, especialmente los del col\u00e1geno. Estados al\u00e9rgicos. Enfermedades reum\u00e1ticas. Dolores articulares, agudos y cr\u00f3nicos.<\/p>\n<ul>\n<li>Frasco ampolla x 10 ml.<\/li>\n<\/ul>\n","protected":false},"excerpt":{"rendered":"<p><strong>Descripci\u00f3n:<\/strong><\/p>\n<p>Antiinflamatorio. Antial\u00e9rgico.<\/p>\n<p><strong>Indicaciones:<\/strong><\/p>\n<p>Procesos inflamatorios de cualquier etiolog\u00eda y localizaci\u00f3n, especialmente los del col\u00e1geno. Estados al\u00e9rgicos. Enfermedades reum\u00e1ticas. Dolores articulares, agudos y cr\u00f3nicos.<\/p>\n<ul>\n<li>Frasco ampolla x 10 ml.<\/li>\n<\/ul>\n","protected":false},"featured_media":863,"template":"","meta":[],"product_cat":[140,19,28],"product_tag":[164,38,141,42],"_links":{"self":[{"href":"https:\/\/tiendabaldini.com.ar\/index.php\/wp-json\/wp\/v2\/product\/862"}],"collection":[{"href":"https:\/\/tiendabaldini.com.ar\/index.php\/wp-json\/wp\/v2\/product"}],"about":[{"href":"https:\/\/tiendabaldini.com.ar\/index.php\/wp-json\/wp\/v2\/types\/product"}],"wp:featuredmedia":[{"embeddable":true,"href":"https:\/\/tiendabaldini.com.ar\/index.php\/wp-json\/wp\/v2\/media\/863"}],"wp:attachment":[{"href":"https:\/\/tiendabaldini.com.ar\/index.php\/wp-json\/wp\/v2\/media?parent=862"}],"wp:term":[{"taxonomy":"product_cat","embeddable":true,"href":"https:\/\/tiendabaldini.com.ar\/index.php\/wp-json\/wp\/v2\/product_cat?post=862"},{"taxonomy":"product_tag","embeddable":true,"href":"https:\/\/tiendabaldini.com.ar\/index.php\/wp-json\/wp\/v2\/product_tag?post=862"}],"curies":[{"name":"wp","href":"https:\/\/api.w.org\/{rel}","templated":true}]}}