{"id":792,"date":"2022-02-22T16:01:02","date_gmt":"2022-02-22T16:01:02","guid":{"rendered":"http:\/\/tiendabaldini.com.ar\/?post_type=product&#038;p=792"},"modified":"2022-02-22T16:02:33","modified_gmt":"2022-02-22T16:02:33","slug":"tiamina-b1-x-100-ml-3633","status":"publish","type":"product","link":"https:\/\/tiendabaldini.com.ar\/index.php\/product\/tiamina-b1-x-100-ml-3633\/","title":{"rendered":"TIAMINA B1 x 100 ml (3633)"},"content":{"rendered":"<p><strong>Descripci\u00f3n:<\/strong><\/p>\n<p>Vitam\u00ednico.<\/p>\n<p><strong>Indicaciones:<\/strong><\/p>\n<p>Neuritis, polineuritis, s\u00edndromes ci\u00e1ticos, reumatismos, algias, hepatopat\u00edas, para reforzar la fijaci\u00f3n de gluc\u00f3geno.<\/p>\n<ul>\n<li><strong>\u00a0<\/strong>Frasco por 100 ml.<\/li>\n<\/ul>\n","protected":false},"excerpt":{"rendered":"<p><strong>Descripci\u00f3n:<\/strong><\/p>\n<p>Vitam\u00ednico.<\/p>\n<p><strong>Indicaciones:<\/strong><\/p>\n<p>Neuritis, polineuritis, s\u00edndromes ci\u00e1ticos, reumatismos, algias, hepatopat\u00edas, para reforzar la fijaci\u00f3n de gluc\u00f3geno.<\/p>\n<ul>\n<li><strong>\u00a0<\/strong>Frasco por 100 ml.<\/li>\n<\/ul>\n","protected":false},"featured_media":793,"template":"","meta":[],"product_cat":[121,19],"product_tag":[42,136,45],"_links":{"self":[{"href":"https:\/\/tiendabaldini.com.ar\/index.php\/wp-json\/wp\/v2\/product\/792"}],"collection":[{"href":"https:\/\/tiendabaldini.com.ar\/index.php\/wp-json\/wp\/v2\/product"}],"about":[{"href":"https:\/\/tiendabaldini.com.ar\/index.php\/wp-json\/wp\/v2\/types\/product"}],"wp:featuredmedia":[{"embeddable":true,"href":"https:\/\/tiendabaldini.com.ar\/index.php\/wp-json\/wp\/v2\/media\/793"}],"wp:attachment":[{"href":"https:\/\/tiendabaldini.com.ar\/index.php\/wp-json\/wp\/v2\/media?parent=792"}],"wp:term":[{"taxonomy":"product_cat","embeddable":true,"href":"https:\/\/tiendabaldini.com.ar\/index.php\/wp-json\/wp\/v2\/product_cat?post=792"},{"taxonomy":"product_tag","embeddable":true,"href":"https:\/\/tiendabaldini.com.ar\/index.php\/wp-json\/wp\/v2\/product_tag?post=792"}],"curies":[{"name":"wp","href":"https:\/\/api.w.org\/{rel}","templated":true}]}}