{"id":743,"date":"2022-02-22T14:18:21","date_gmt":"2022-02-22T14:18:21","guid":{"rendered":"http:\/\/tiendabaldini.com.ar\/?post_type=product&#038;p=743"},"modified":"2022-02-22T18:16:16","modified_gmt":"2022-02-22T18:16:16","slug":"calendar-x-1kg-0232","status":"publish","type":"product","link":"https:\/\/tiendabaldini.com.ar\/index.php\/product\/calendar-x-1kg-0232\/","title":{"rendered":"CALENDAR X 1KG (0232)"},"content":{"rendered":"<p><strong>Descripci\u00f3n:<\/strong><\/p>\n<p>Suplemento vitam\u00ednico mineral.<\/p>\n<p><strong>Indicaciones:<\/strong><\/p>\n<p>T\u00f3nico reconstituyente general. Acelera la recuperaci\u00f3n f\u00edsica, luego del entrenamiento y previene la fatiga muscular. Eleva las defensas. Mejora la produccci\u00f3n l\u00e1ctea postparto. Potrillos en crecimiento, yeguas pre\u00f1adas y paridas.<\/p>\n<ul>\n<li>Pote por 1 Kg.<\/li>\n<\/ul>\n","protected":false},"excerpt":{"rendered":"<p><strong>Descripci\u00f3n:<\/strong><\/p>\n<p>Suplemento vitam\u00ednico mineral.<\/p>\n<p><strong>Indicaciones:<\/strong><\/p>\n<p>T\u00f3nico reconstituyente general. Acelera la recuperaci\u00f3n f\u00edsica, luego del entrenamiento y previene la fatiga muscular. Eleva las defensas. Mejora la produccci\u00f3n l\u00e1ctea postparto. Potrillos en crecimiento, yeguas pre\u00f1adas y paridas.<\/p>\n<ul>\n<li>Pote por 1 Kg.<\/li>\n<\/ul>\n","protected":false},"featured_media":744,"template":"","meta":[],"product_cat":[121,19],"product_tag":[122,42,128,48,45],"_links":{"self":[{"href":"https:\/\/tiendabaldini.com.ar\/index.php\/wp-json\/wp\/v2\/product\/743"}],"collection":[{"href":"https:\/\/tiendabaldini.com.ar\/index.php\/wp-json\/wp\/v2\/product"}],"about":[{"href":"https:\/\/tiendabaldini.com.ar\/index.php\/wp-json\/wp\/v2\/types\/product"}],"wp:featuredmedia":[{"embeddable":true,"href":"https:\/\/tiendabaldini.com.ar\/index.php\/wp-json\/wp\/v2\/media\/744"}],"wp:attachment":[{"href":"https:\/\/tiendabaldini.com.ar\/index.php\/wp-json\/wp\/v2\/media?parent=743"}],"wp:term":[{"taxonomy":"product_cat","embeddable":true,"href":"https:\/\/tiendabaldini.com.ar\/index.php\/wp-json\/wp\/v2\/product_cat?post=743"},{"taxonomy":"product_tag","embeddable":true,"href":"https:\/\/tiendabaldini.com.ar\/index.php\/wp-json\/wp\/v2\/product_tag?post=743"}],"curies":[{"name":"wp","href":"https:\/\/api.w.org\/{rel}","templated":true}]}}