{"id":740,"date":"2022-02-22T14:11:21","date_gmt":"2022-02-22T14:11:21","guid":{"rendered":"http:\/\/tiendabaldini.com.ar\/?post_type=product&#038;p=740"},"modified":"2022-02-22T18:16:27","modified_gmt":"2022-02-22T18:16:27","slug":"artrocal-hampton-cja-x-5-fcos-0790","status":"publish","type":"product","link":"https:\/\/tiendabaldini.com.ar\/index.php\/product\/artrocal-hampton-cja-x-5-fcos-0790\/","title":{"rendered":"ARTROCAL HAMPTON Cja X 5 fcos (0790)"},"content":{"rendered":"<p><strong>Descripci\u00f3n:<\/strong><\/p>\n<p>Antiartr\u00f3sico, antiartr\u00edtico, regenerador osteoarticular, promotor de la condrog\u00e9nesis. Antiinflamatorio articular.<\/p>\n<p><strong>Indicaciones:<\/strong><\/p>\n<p>Regenerador osteoarticular, promotor de la condrog\u00e9nesis, antiartr\u00f3sico, artritis no infecciosa, osteoartrosis, hidrartrosis y otras astropat\u00edas degenerativas, condropat\u00edas, sinovitis, tendinitis. Coadyuvante en el tratamiento y profilaxis de patolog\u00edas osteoarticulares, coadyuvante en reparaci\u00f3n de fracturas y post-cirug\u00eda osteoraticular.<br \/>\nOsteocondrosis.<\/p>\n<ul>\n<li>Envase contiene 5 Frascos ampolla por 5 ml.<\/li>\n<\/ul>\n","protected":false},"excerpt":{"rendered":"<p><strong>Descripci\u00f3n:<\/strong><\/p>\n<p>Antiartr\u00f3sico, antiartr\u00edtico, regenerador osteoarticular, promotor de la condrog\u00e9nesis. Antiinflamatorio articular.<\/p>\n<p><strong>Indicaciones:<\/strong><\/p>\n<p>Regenerador osteoarticular, promotor de la condrog\u00e9nesis, antiartr\u00f3sico, artritis no infecciosa, osteoartrosis, hidrartrosis y otras astropat\u00edas degenerativas, condropat\u00edas, sinovitis, tendinitis. Coadyuvante en el tratamiento y profilaxis de patolog\u00edas osteoarticulares, coadyuvante en reparaci\u00f3n de fracturas y post-cirug\u00eda osteoraticular.<br \/>\nOsteocondrosis.<\/p>\n<ul>\n<li>Envase contiene 5 Frascos ampolla por 5 ml.<\/li>\n<\/ul>\n","protected":false},"featured_media":741,"template":"","meta":[],"product_cat":[121,19],"product_tag":[126,125,38,127,122,42],"_links":{"self":[{"href":"https:\/\/tiendabaldini.com.ar\/index.php\/wp-json\/wp\/v2\/product\/740"}],"collection":[{"href":"https:\/\/tiendabaldini.com.ar\/index.php\/wp-json\/wp\/v2\/product"}],"about":[{"href":"https:\/\/tiendabaldini.com.ar\/index.php\/wp-json\/wp\/v2\/types\/product"}],"wp:featuredmedia":[{"embeddable":true,"href":"https:\/\/tiendabaldini.com.ar\/index.php\/wp-json\/wp\/v2\/media\/741"}],"wp:attachment":[{"href":"https:\/\/tiendabaldini.com.ar\/index.php\/wp-json\/wp\/v2\/media?parent=740"}],"wp:term":[{"taxonomy":"product_cat","embeddable":true,"href":"https:\/\/tiendabaldini.com.ar\/index.php\/wp-json\/wp\/v2\/product_cat?post=740"},{"taxonomy":"product_tag","embeddable":true,"href":"https:\/\/tiendabaldini.com.ar\/index.php\/wp-json\/wp\/v2\/product_tag?post=740"}],"curies":[{"name":"wp","href":"https:\/\/api.w.org\/{rel}","templated":true}]}}