{"id":688,"date":"2022-02-21T11:55:11","date_gmt":"2022-02-21T11:55:11","guid":{"rendered":"http:\/\/tiendabaldini.com.ar\/?post_type=product&#038;p=688"},"modified":"2022-02-21T12:02:44","modified_gmt":"2022-02-21T12:02:44","slug":"ketofen-10-x-50-cc-0928","status":"publish","type":"product","link":"https:\/\/tiendabaldini.com.ar\/index.php\/product\/ketofen-10-x-50-cc-0928\/","title":{"rendered":"KETOFEN 10 % x 50 cc (0928)"},"content":{"rendered":"<p><strong>Descripci\u00f3n:<\/strong><\/p>\n<p>Antiinflamatorio no esteroide con potente actividad antiinflamatoria, analg\u00e9sica y antipir\u00e9tica. Inhibe la s\u00edntesis de las prostaglandinas. Inyectable.<\/p>\n<p><strong>Indicaciones:<\/strong><\/p>\n<p>En todas las especies: afecciones m\u00fasculo esquel\u00e9ticas, edema gl\u00e1ndula mamaria, mastitis, metritis, shock endot\u00f3xico, o intoxicaciones, diarreas neonatales, c\u00f3licos y afecciones respiratorias.<\/p>\n<ul>\n<li>Frasco por 50 ml.<\/li>\n<\/ul>\n","protected":false},"excerpt":{"rendered":"<p><strong>Descripci\u00f3n:<\/strong><\/p>\n<p>Antiinflamatorio no esteroide con potente actividad antiinflamatoria, analg\u00e9sica y antipir\u00e9tica. Inhibe la s\u00edntesis de las prostaglandinas. Inyectable.<\/p>\n<p><strong>Indicaciones:<\/strong><\/p>\n<p>En todas las especies: afecciones m\u00fasculo esquel\u00e9ticas, edema gl\u00e1ndula mamaria, mastitis, metritis, shock endot\u00f3xico, o intoxicaciones, diarreas neonatales, c\u00f3licos y afecciones respiratorias.<\/p>\n<ul>\n<li>Frasco por 50 ml.<\/li>\n<\/ul>\n","protected":false},"featured_media":689,"template":"","meta":[],"product_cat":[19,28,108],"product_tag":[79,38,86,109,42,78],"_links":{"self":[{"href":"https:\/\/tiendabaldini.com.ar\/index.php\/wp-json\/wp\/v2\/product\/688"}],"collection":[{"href":"https:\/\/tiendabaldini.com.ar\/index.php\/wp-json\/wp\/v2\/product"}],"about":[{"href":"https:\/\/tiendabaldini.com.ar\/index.php\/wp-json\/wp\/v2\/types\/product"}],"wp:featuredmedia":[{"embeddable":true,"href":"https:\/\/tiendabaldini.com.ar\/index.php\/wp-json\/wp\/v2\/media\/689"}],"wp:attachment":[{"href":"https:\/\/tiendabaldini.com.ar\/index.php\/wp-json\/wp\/v2\/media?parent=688"}],"wp:term":[{"taxonomy":"product_cat","embeddable":true,"href":"https:\/\/tiendabaldini.com.ar\/index.php\/wp-json\/wp\/v2\/product_cat?post=688"},{"taxonomy":"product_tag","embeddable":true,"href":"https:\/\/tiendabaldini.com.ar\/index.php\/wp-json\/wp\/v2\/product_tag?post=688"}],"curies":[{"name":"wp","href":"https:\/\/api.w.org\/{rel}","templated":true}]}}