{"id":662,"date":"2022-02-21T10:18:31","date_gmt":"2022-02-21T10:18:31","guid":{"rendered":"http:\/\/tiendabaldini.com.ar\/?post_type=product&#038;p=662"},"modified":"2022-02-21T10:25:20","modified_gmt":"2022-02-21T10:25:20","slug":"vitamina-ad3e-x-100-ml-bago-2810","status":"publish","type":"product","link":"https:\/\/tiendabaldini.com.ar\/index.php\/product\/vitamina-ad3e-x-100-ml-bago-2810\/","title":{"rendered":"VITAMINA AD3E x 100 ml (BAGO) (2810)"},"content":{"rendered":"<p><strong>Descripci\u00f3n:<\/strong><\/p>\n<p>Complejo vitam\u00ednico inyectable para bovinos, equinos, ovinos y porcinos, de acci\u00f3n terap\u00e9utica que interviene regulando el metabolismo del Calcio y el F\u00f3sforo. Estimula el crecimiento, mejora el pelaje, favorece la reproducci\u00f3n y mejora el estado general de los animales. Las vitaminas A, D3 y E son las llamadas vitaminas liposolubles.<\/p>\n<p><strong>Indicaciones:<\/strong><\/p>\n<p>Preventivo y curativo del raquitismo, osteomalacia e hipocalcemia. Para elevar el porcentaje de pre\u00f1ez, mejorar el estado general de los reproductores y favorecer el engorde en la recr\u00eda e invernada.\u00a0Para ser administrado durante e inmediatamente despu\u00e9s de la gestaci\u00f3n. Como fuente vitam\u00ednica en \u00e9pocas de sequ\u00eda o alimentaci\u00f3n deficiente.<\/p>\n<ul>\n<li>Frasco por 100 ml.<\/li>\n<\/ul>\n","protected":false},"excerpt":{"rendered":"<p><strong>Descripci\u00f3n:<\/strong><\/p>\n<p>Complejo vitam\u00ednico inyectable para bovinos, equinos, ovinos y porcinos, de acci\u00f3n terap\u00e9utica que interviene regulando el metabolismo del Calcio y el F\u00f3sforo. Estimula el crecimiento, mejora el pelaje, favorece la reproducci\u00f3n y mejora el estado general de los animales. Las vitaminas A, D3 y E son las llamadas vitaminas liposolubles.<\/p>\n<p><strong>Indicaciones:<\/strong><\/p>\n<p>Preventivo y curativo del raquitismo, osteomalacia e hipocalcemia. Para elevar el porcentaje de pre\u00f1ez, mejorar el estado general de los reproductores y favorecer el engorde en la recr\u00eda e invernada.\u00a0Para ser administrado durante e inmediatamente despu\u00e9s de la gestaci\u00f3n. Como fuente vitam\u00ednica en \u00e9pocas de sequ\u00eda o alimentaci\u00f3n deficiente.<\/p>\n<ul>\n<li>Frasco por 100 ml.<\/li>\n<\/ul>\n","protected":false},"featured_media":665,"template":"","meta":[],"product_cat":[19,59],"product_tag":[62,42,78],"_links":{"self":[{"href":"https:\/\/tiendabaldini.com.ar\/index.php\/wp-json\/wp\/v2\/product\/662"}],"collection":[{"href":"https:\/\/tiendabaldini.com.ar\/index.php\/wp-json\/wp\/v2\/product"}],"about":[{"href":"https:\/\/tiendabaldini.com.ar\/index.php\/wp-json\/wp\/v2\/types\/product"}],"wp:featuredmedia":[{"embeddable":true,"href":"https:\/\/tiendabaldini.com.ar\/index.php\/wp-json\/wp\/v2\/media\/665"}],"wp:attachment":[{"href":"https:\/\/tiendabaldini.com.ar\/index.php\/wp-json\/wp\/v2\/media?parent=662"}],"wp:term":[{"taxonomy":"product_cat","embeddable":true,"href":"https:\/\/tiendabaldini.com.ar\/index.php\/wp-json\/wp\/v2\/product_cat?post=662"},{"taxonomy":"product_tag","embeddable":true,"href":"https:\/\/tiendabaldini.com.ar\/index.php\/wp-json\/wp\/v2\/product_tag?post=662"}],"curies":[{"name":"wp","href":"https:\/\/api.w.org\/{rel}","templated":true}]}}