{"id":622,"date":"2022-02-21T07:52:23","date_gmt":"2022-02-21T07:52:23","guid":{"rendered":"http:\/\/tiendabaldini.com.ar\/?post_type=product&#038;p=622"},"modified":"2022-05-05T07:02:54","modified_gmt":"2022-05-05T07:02:54","slug":"vitamina-b12-x-50-cc-agropharma-0054","status":"publish","type":"product","link":"https:\/\/tiendabaldini.com.ar\/index.php\/product\/vitamina-b12-x-50-cc-agropharma-0054\/","title":{"rendered":"VITAMINA B12 X 50 CC Agropharma (0054)"},"content":{"rendered":"<p><strong>Descripci\u00f3n:<\/strong><\/p>\n<p>Vitam\u00ednico. Inyectable.<\/p>\n<p><strong>Indicaciones:<\/strong><\/p>\n<p>Antian\u00e9mico. Trastornos del crecimiento, convalecencias, afecciones \u00f3seas; en todos aquellos casos en los que el m\u00e9dico veterinario considere necesario el uso de Vitamina B12.<\/p>\n<p><strong>Presentaci\u00f3n:<\/strong><\/p>\n<ul>\n<li>Frasco ampolla x 50 ml.<\/li>\n<\/ul>\n","protected":false},"excerpt":{"rendered":"<p><strong>Descripci\u00f3n:<\/strong><\/p>\n<p>Vitam\u00ednico. Inyectable.<\/p>\n<p><strong>Indicaciones:<\/strong><\/p>\n<p>Antian\u00e9mico. Trastornos del crecimiento, convalecencias, afecciones \u00f3seas; en todos aquellos casos en los que el m\u00e9dico veterinario considere necesario el uso de Vitamina B12.<\/p>\n<p><strong>Presentaci\u00f3n:<\/strong><\/p>\n<ul>\n<li>Frasco ampolla x 50 ml.<\/li>\n<\/ul>\n","protected":false},"featured_media":624,"template":"","meta":[],"product_cat":[194,19,41],"product_tag":[44,42,78,45],"_links":{"self":[{"href":"https:\/\/tiendabaldini.com.ar\/index.php\/wp-json\/wp\/v2\/product\/622"}],"collection":[{"href":"https:\/\/tiendabaldini.com.ar\/index.php\/wp-json\/wp\/v2\/product"}],"about":[{"href":"https:\/\/tiendabaldini.com.ar\/index.php\/wp-json\/wp\/v2\/types\/product"}],"wp:featuredmedia":[{"embeddable":true,"href":"https:\/\/tiendabaldini.com.ar\/index.php\/wp-json\/wp\/v2\/media\/624"}],"wp:attachment":[{"href":"https:\/\/tiendabaldini.com.ar\/index.php\/wp-json\/wp\/v2\/media?parent=622"}],"wp:term":[{"taxonomy":"product_cat","embeddable":true,"href":"https:\/\/tiendabaldini.com.ar\/index.php\/wp-json\/wp\/v2\/product_cat?post=622"},{"taxonomy":"product_tag","embeddable":true,"href":"https:\/\/tiendabaldini.com.ar\/index.php\/wp-json\/wp\/v2\/product_tag?post=622"}],"curies":[{"name":"wp","href":"https:\/\/api.w.org\/{rel}","templated":true}]}}