{"id":565,"date":"2022-02-21T05:11:56","date_gmt":"2022-02-21T05:11:56","guid":{"rendered":"http:\/\/tiendabaldini.com.ar\/?post_type=product&#038;p=565"},"modified":"2022-05-05T06:45:12","modified_gmt":"2022-05-05T06:45:12","slug":"duva-dexa-depot-x-10-ml-0021","status":"publish","type":"product","link":"https:\/\/tiendabaldini.com.ar\/index.php\/product\/duva-dexa-depot-x-10-ml-0021\/","title":{"rendered":"DUVA DEXA DEPOT x 10 ml (0021)"},"content":{"rendered":"<p><strong>Descripci\u00f3n:<\/strong><\/p>\n<p>Antiinflamatorio Corticosteroide Depot. Inyectable.<\/p>\n<p><strong>Indicaciones:<\/strong><\/p>\n<p>Artritis. Sinovitis. Hidrartrosis. Miositis. Afecciones reum\u00e1ticas. Acetonemia. Alergias y Anafilaxia. Shock quir\u00fargico o traum\u00e1tico. Stress. Dermatitis. Eczemas. Neuritis. Tendinitis. Bursitis. Mastitis. Infosura. En enfermedades bacterianas asociadas al tratamiento antibi\u00f3tico especifico. En general en todas las de la terapia corticosteroide.<\/p>\n<p><strong>Presentaci\u00f3n:<\/strong><\/p>\n<ul>\n<li>Caja x 12 frascos x 10 ml.<\/li>\n<\/ul>\n<p>&nbsp;<\/p>\n<p>&nbsp;<\/p>\n","protected":false},"excerpt":{"rendered":"<p><strong>Descripci\u00f3n:<\/strong><\/p>\n<p>Antiinflamatorio Corticosteroide Depot. Inyectable.<\/p>\n<p><strong>Indicaciones:<\/strong><\/p>\n<p>Artritis. Sinovitis. Hidrartrosis. Miositis. Afecciones reum\u00e1ticas. Acetonemia. Alergias y Anafilaxia. Shock quir\u00fargico o traum\u00e1tico. Stress. Dermatitis. Eczemas. Neuritis. Tendinitis. Bursitis. Mastitis. Infosura. En enfermedades bacterianas asociadas al tratamiento antibi\u00f3tico especifico. En general en todas las de la terapia corticosteroide.<\/p>\n<p><strong>Presentaci\u00f3n:<\/strong><\/p>\n<ul>\n<li>Caja x 12 frascos x 10 ml.<\/li>\n<\/ul>\n","protected":false},"featured_media":566,"template":"","meta":[],"product_cat":[19,28,41],"product_tag":[44,38,83,42,78],"_links":{"self":[{"href":"https:\/\/tiendabaldini.com.ar\/index.php\/wp-json\/wp\/v2\/product\/565"}],"collection":[{"href":"https:\/\/tiendabaldini.com.ar\/index.php\/wp-json\/wp\/v2\/product"}],"about":[{"href":"https:\/\/tiendabaldini.com.ar\/index.php\/wp-json\/wp\/v2\/types\/product"}],"wp:featuredmedia":[{"embeddable":true,"href":"https:\/\/tiendabaldini.com.ar\/index.php\/wp-json\/wp\/v2\/media\/566"}],"wp:attachment":[{"href":"https:\/\/tiendabaldini.com.ar\/index.php\/wp-json\/wp\/v2\/media?parent=565"}],"wp:term":[{"taxonomy":"product_cat","embeddable":true,"href":"https:\/\/tiendabaldini.com.ar\/index.php\/wp-json\/wp\/v2\/product_cat?post=565"},{"taxonomy":"product_tag","embeddable":true,"href":"https:\/\/tiendabaldini.com.ar\/index.php\/wp-json\/wp\/v2\/product_tag?post=565"}],"curies":[{"name":"wp","href":"https:\/\/api.w.org\/{rel}","templated":true}]}}