{"id":364,"date":"2022-01-26T22:01:46","date_gmt":"2022-01-26T22:01:46","guid":{"rendered":"http:\/\/tiendabaldini.com.ar\/?post_type=product&#038;p=364"},"modified":"2022-05-05T06:25:09","modified_gmt":"2022-05-05T06:25:09","slug":"derby-fibra-sport-bolsa-x-25-kg-4044","status":"publish","type":"product","link":"https:\/\/tiendabaldini.com.ar\/index.php\/product\/derby-fibra-sport-bolsa-x-25-kg-4044\/","title":{"rendered":"DERBY FIBRA SPORT Bolsa x 25 kg (4044)"},"content":{"rendered":"<p><strong>Descripci\u00f3n:<\/strong><\/p>\n<p>Es un alimento energ\u00e9tico a base de fibras de alta digestibilidad (pulpa de remolacha azucarera y c\u00e1scara de soja) y aceites vegetales, reduciendo as\u00ed los almidones en las raciones que son perjudiciales para el tracto gastrointestinal y los cascos de los caballos.<\/p>\n<p><strong>Indicaciones:<\/strong><\/p>\n<p>Ideado para caballos en su m\u00e1xima exigencia. Permite bajar la cantidad de avena de las raciones mejorando el rendimiento deportivo y el estado general. Digestiblemente saludable.<\/p>\n<p><strong>Presentaci\u00f3n:<\/strong><\/p>\n<ul>\n<li>25Kg.<\/li>\n<\/ul>\n","protected":false},"excerpt":{"rendered":"<p><strong>Descripci\u00f3n:<\/strong><\/p>\n<p>Es un alimento energ\u00e9tico a base de fibras de alta digestibilidad (pulpa de remolacha azucarera y c\u00e1scara de soja) y aceites vegetales, reduciendo as\u00ed los almidones en las raciones que son perjudiciales para el tracto gastrointestinal y los cascos de los caballos.<\/p>\n<p><strong>Indicaciones:<\/strong><\/p>\n<p>Ideado para caballos en su m\u00e1xima exigencia. Permite bajar la cantidad de avena de las raciones mejorando el rendimiento deportivo y el estado general. Digestiblemente saludable.<\/p>\n<p><strong>Presentaci\u00f3n:<\/strong><\/p>\n<ul>\n<li>25Kg.<\/li>\n<\/ul>\n","protected":false},"featured_media":405,"template":"","meta":[],"product_cat":[41],"product_tag":[47,51,48],"_links":{"self":[{"href":"https:\/\/tiendabaldini.com.ar\/index.php\/wp-json\/wp\/v2\/product\/364"}],"collection":[{"href":"https:\/\/tiendabaldini.com.ar\/index.php\/wp-json\/wp\/v2\/product"}],"about":[{"href":"https:\/\/tiendabaldini.com.ar\/index.php\/wp-json\/wp\/v2\/types\/product"}],"wp:featuredmedia":[{"embeddable":true,"href":"https:\/\/tiendabaldini.com.ar\/index.php\/wp-json\/wp\/v2\/media\/405"}],"wp:attachment":[{"href":"https:\/\/tiendabaldini.com.ar\/index.php\/wp-json\/wp\/v2\/media?parent=364"}],"wp:term":[{"taxonomy":"product_cat","embeddable":true,"href":"https:\/\/tiendabaldini.com.ar\/index.php\/wp-json\/wp\/v2\/product_cat?post=364"},{"taxonomy":"product_tag","embeddable":true,"href":"https:\/\/tiendabaldini.com.ar\/index.php\/wp-json\/wp\/v2\/product_tag?post=364"}],"curies":[{"name":"wp","href":"https:\/\/api.w.org\/{rel}","templated":true}]}}