{"id":362,"date":"2022-01-26T21:53:57","date_gmt":"2022-01-26T21:53:57","guid":{"rendered":"http:\/\/tiendabaldini.com.ar\/?post_type=product&#038;p=362"},"modified":"2022-05-05T06:24:56","modified_gmt":"2022-05-05T06:24:56","slug":"derby-entrenamiento-bolsa-x-25-kg-4045","status":"publish","type":"product","link":"https:\/\/tiendabaldini.com.ar\/index.php\/product\/derby-entrenamiento-bolsa-x-25-kg-4045\/","title":{"rendered":"DERBY ENTRENAMIENTO Bolsa x 25 kg (4045)"},"content":{"rendered":"<p><strong>Descripci\u00f3n:<\/strong><\/p>\n<p>Alimento energ\u00e9tico completo para caballos.<\/p>\n<p><strong>Indicaciones:<\/strong><\/p>\n<p>Dise\u00f1ado para ser la base de las raciones de animales en cuida y entrenamiento, que requieren de una raci\u00f3n estable energ\u00e9tica y eficiente para poder cumplir con su trabajo.<\/p>\n<p><strong>Presentaci\u00f3n:<\/strong><\/p>\n<ul>\n<li>25 Kg.<\/li>\n<\/ul>\n","protected":false},"excerpt":{"rendered":"<p><strong>Descripci\u00f3n:<\/strong><\/p>\n<p>Alimento energ\u00e9tico completo para caballos.<\/p>\n<p><strong>Indicaciones:<\/strong><\/p>\n<p>Dise\u00f1ado para ser la base de las raciones de animales en cuida y entrenamiento, que requieren de una raci\u00f3n estable energ\u00e9tica y eficiente para poder cumplir con su trabajo.<\/p>\n<p><strong>Presentaci\u00f3n:<\/strong><\/p>\n<ul>\n<li>25 Kg.<\/li>\n<\/ul>\n","protected":false},"featured_media":418,"template":"","meta":[],"product_cat":[41],"product_tag":[47,51,48],"_links":{"self":[{"href":"https:\/\/tiendabaldini.com.ar\/index.php\/wp-json\/wp\/v2\/product\/362"}],"collection":[{"href":"https:\/\/tiendabaldini.com.ar\/index.php\/wp-json\/wp\/v2\/product"}],"about":[{"href":"https:\/\/tiendabaldini.com.ar\/index.php\/wp-json\/wp\/v2\/types\/product"}],"wp:featuredmedia":[{"embeddable":true,"href":"https:\/\/tiendabaldini.com.ar\/index.php\/wp-json\/wp\/v2\/media\/418"}],"wp:attachment":[{"href":"https:\/\/tiendabaldini.com.ar\/index.php\/wp-json\/wp\/v2\/media?parent=362"}],"wp:term":[{"taxonomy":"product_cat","embeddable":true,"href":"https:\/\/tiendabaldini.com.ar\/index.php\/wp-json\/wp\/v2\/product_cat?post=362"},{"taxonomy":"product_tag","embeddable":true,"href":"https:\/\/tiendabaldini.com.ar\/index.php\/wp-json\/wp\/v2\/product_tag?post=362"}],"curies":[{"name":"wp","href":"https:\/\/api.w.org\/{rel}","templated":true}]}}