{"id":339,"date":"2022-01-26T20:33:32","date_gmt":"2022-01-26T20:33:32","guid":{"rendered":"http:\/\/tiendabaldini.com.ar\/?post_type=product&#038;p=339"},"modified":"2022-05-05T06:22:46","modified_gmt":"2022-05-05T06:22:46","slug":"arflex-caja-x-5-fcos-2177","status":"publish","type":"product","link":"https:\/\/tiendabaldini.com.ar\/index.php\/product\/arflex-caja-x-5-fcos-2177\/","title":{"rendered":"ARFLEX caja  X 5 fcos (2177)"},"content":{"rendered":"<p><strong>Descripci\u00f3n:<\/strong><\/p>\n<p>Regenerador del cartilago articular. Antiartr\u00f3sico. Antiartr\u00edtico. Inyectable.<\/p>\n<p><strong>Indicaciones:<\/strong><\/p>\n<p>Artritis no infecciosas. Hidrartrosis. Osteoartr\u00edtis y otras patolog\u00edas degenerativas. Condropat\u00edas. Tendinitis. Sinovitis. Coadyuvante en el tratamiento y prevenci\u00f3n de patolog\u00edas osteo-articulares. Coadyuvante en reparaci\u00f3n de fracturas y post-cirug\u00eda osteoarticular. Osteocondriosis. Antiinflamatorio articular.<\/p>\n<p><strong>Presentaci\u00f3n:<\/strong><\/p>\n<ul>\n<li>Caja conteniendo 5 frascos x 5 ml<\/li>\n<\/ul>\n","protected":false},"excerpt":{"rendered":"<p><strong>Descripci\u00f3n:<\/strong><\/p>\n<p>Regenerador del cartilago articular. Antiartr\u00f3sico. Antiartr\u00edtico. Inyectable.<\/p>\n<p><strong>Indicaciones:<\/strong><\/p>\n<p>Artritis no infecciosas. Hidrartrosis. Osteoartr\u00edtis y otras patolog\u00edas degenerativas. Condropat\u00edas. Tendinitis. Sinovitis. Coadyuvante en el tratamiento y prevenci\u00f3n de patolog\u00edas osteo-articulares. Coadyuvante en reparaci\u00f3n de fracturas y post-cirug\u00eda osteoarticular. Osteocondriosis. Antiinflamatorio articular.<\/p>\n<p><strong>Presentaci\u00f3n:<\/strong><\/p>\n<ul>\n<li>Caja conteniendo 5 frascos x 5 ml<\/li>\n<\/ul>\n","protected":false},"featured_media":429,"template":"","meta":[],"product_cat":[19,41],"product_tag":[44,42],"_links":{"self":[{"href":"https:\/\/tiendabaldini.com.ar\/index.php\/wp-json\/wp\/v2\/product\/339"}],"collection":[{"href":"https:\/\/tiendabaldini.com.ar\/index.php\/wp-json\/wp\/v2\/product"}],"about":[{"href":"https:\/\/tiendabaldini.com.ar\/index.php\/wp-json\/wp\/v2\/types\/product"}],"wp:featuredmedia":[{"embeddable":true,"href":"https:\/\/tiendabaldini.com.ar\/index.php\/wp-json\/wp\/v2\/media\/429"}],"wp:attachment":[{"href":"https:\/\/tiendabaldini.com.ar\/index.php\/wp-json\/wp\/v2\/media?parent=339"}],"wp:term":[{"taxonomy":"product_cat","embeddable":true,"href":"https:\/\/tiendabaldini.com.ar\/index.php\/wp-json\/wp\/v2\/product_cat?post=339"},{"taxonomy":"product_tag","embeddable":true,"href":"https:\/\/tiendabaldini.com.ar\/index.php\/wp-json\/wp\/v2\/product_tag?post=339"}],"curies":[{"name":"wp","href":"https:\/\/api.w.org\/{rel}","templated":true}]}}