{"id":1803,"date":"2022-05-30T01:38:41","date_gmt":"2022-05-30T01:38:41","guid":{"rendered":"http:\/\/tiendabaldini.com.ar\/?post_type=product&#038;p=1803"},"modified":"2022-08-21T04:24:35","modified_gmt":"2022-08-21T04:24:35","slug":"infosure-x-4-kg-laboquimica-3672","status":"publish","type":"product","link":"https:\/\/tiendabaldini.com.ar\/index.php\/product\/infosure-x-4-kg-laboquimica-3672\/","title":{"rendered":"INFOSURE x 4 Kg Laboquimica (3672)"},"content":{"rendered":"<p><strong>Descripci\u00f3n:<\/strong><\/p>\n<div class=\"product-short-description\">\n<p>Suplemento destinado a reparar cascos da\u00f1ados por laminitis. Aporta fibra de calidad y promueve la oxigenaci\u00f3n laminar.<\/p>\n<p><strong>Indicaciones:<\/strong><\/p>\n<\/div>\n<p>Para reparar el casco, reducir el dolor e inflamaci\u00f3n. Mejorar la circulaci\u00f3n sangu\u00ednea. Mantener el estado corporal del caballo y favorecer su digesti\u00f3n.<\/p>\n<p><strong>Presentaci\u00f3n:<\/strong><\/p>\n<ul>\n<li>Envase x 4 Kg.<\/li>\n<\/ul>\n","protected":false},"excerpt":{"rendered":"<p><strong>Descripci\u00f3n:<\/strong><\/p>\n<div class=\"product-short-description\">\n<p>Suplemento destinado a reparar cascos da\u00f1ados por laminitis. Aporta fibra de calidad y promueve la oxigenaci\u00f3n laminar.<\/p>\n<p><strong>Indicaciones:<\/strong><\/p>\n<\/div>\n<p>Para reparar el casco, reducir el dolor e inflamaci\u00f3n. Mejorar la circulaci\u00f3n sangu\u00ednea. Mantener el estado corporal del caballo y favorecer su digesti\u00f3n.<\/p>\n<p><strong>Presentaci\u00f3n:<\/strong><\/p>\n<ul>\n<li>Envase x 4 Kg.<\/li>\n<\/ul>\n","protected":false},"featured_media":1748,"template":"","meta":[],"product_cat":[426,196,222,224,19,28],"product_tag":[38,292,427,431],"_links":{"self":[{"href":"https:\/\/tiendabaldini.com.ar\/index.php\/wp-json\/wp\/v2\/product\/1803"}],"collection":[{"href":"https:\/\/tiendabaldini.com.ar\/index.php\/wp-json\/wp\/v2\/product"}],"about":[{"href":"https:\/\/tiendabaldini.com.ar\/index.php\/wp-json\/wp\/v2\/types\/product"}],"wp:featuredmedia":[{"embeddable":true,"href":"https:\/\/tiendabaldini.com.ar\/index.php\/wp-json\/wp\/v2\/media\/1748"}],"wp:attachment":[{"href":"https:\/\/tiendabaldini.com.ar\/index.php\/wp-json\/wp\/v2\/media?parent=1803"}],"wp:term":[{"taxonomy":"product_cat","embeddable":true,"href":"https:\/\/tiendabaldini.com.ar\/index.php\/wp-json\/wp\/v2\/product_cat?post=1803"},{"taxonomy":"product_tag","embeddable":true,"href":"https:\/\/tiendabaldini.com.ar\/index.php\/wp-json\/wp\/v2\/product_tag?post=1803"}],"curies":[{"name":"wp","href":"https:\/\/api.w.org\/{rel}","templated":true}]}}