{"id":1686,"date":"2022-05-05T09:43:50","date_gmt":"2022-05-05T09:43:50","guid":{"rendered":"http:\/\/tiendabaldini.com.ar\/?post_type=product&#038;p=1686"},"modified":"2022-05-05T09:58:09","modified_gmt":"2022-05-05T09:58:09","slug":"bactrovet-plata-pasta-x-455-gs-3690","status":"publish","type":"product","link":"https:\/\/tiendabaldini.com.ar\/index.php\/product\/bactrovet-plata-pasta-x-455-gs-3690\/","title":{"rendered":"BACTROVET PLATA PASTA x 455 gs (3690)"},"content":{"rendered":"<p><strong>Descripci\u00f3n:<\/strong><\/p>\n<div class=\"product-short-description\">\n<p>Antimi\u00e1sico, repelente, bactericida, antif\u00fangico, cicatrizante, epitelizador y hemost\u00e1tico.<\/p>\n<p><strong>Indicaciones:<\/strong><\/p>\n<\/div>\n<p>Tratamiento de todo tipo de heridas en todas las especies. Tratamiento y prevenci\u00f3n de bicheras en intervenciones quir\u00fargicas como castraci\u00f3n, y heridas de cualquier origen. Heridas en general.<\/p>\n<p><strong>Presentaci\u00f3n:<\/strong><\/p>\n<ul>\n<li>Envase x 455 grs.<\/li>\n<\/ul>\n","protected":false},"excerpt":{"rendered":"<p><strong>Descripci\u00f3n:<\/strong><\/p>\n<div class=\"product-short-description\">\n<p>Antimi\u00e1sico, repelente, bactericida, antif\u00fangico, cicatrizante, epitelizador y hemost\u00e1tico.<\/p>\n<p><strong>Indicaciones:<\/strong><\/p>\n<\/div>\n<p>Tratamiento de todo tipo de heridas en todas las especies. Tratamiento y prevenci\u00f3n de bicheras en intervenciones quir\u00fargicas como castraci\u00f3n, y heridas de cualquier origen. Heridas en general.<\/p>\n<p><strong>Presentaci\u00f3n:<\/strong><\/p>\n<ul>\n<li>Envase x 455 grs.<\/li>\n<\/ul>\n","protected":false},"featured_media":1680,"template":"","meta":[],"product_cat":[420,196,19,32],"product_tag":[164,363,106,74,292,421,103],"_links":{"self":[{"href":"https:\/\/tiendabaldini.com.ar\/index.php\/wp-json\/wp\/v2\/product\/1686"}],"collection":[{"href":"https:\/\/tiendabaldini.com.ar\/index.php\/wp-json\/wp\/v2\/product"}],"about":[{"href":"https:\/\/tiendabaldini.com.ar\/index.php\/wp-json\/wp\/v2\/types\/product"}],"wp:featuredmedia":[{"embeddable":true,"href":"https:\/\/tiendabaldini.com.ar\/index.php\/wp-json\/wp\/v2\/media\/1680"}],"wp:attachment":[{"href":"https:\/\/tiendabaldini.com.ar\/index.php\/wp-json\/wp\/v2\/media?parent=1686"}],"wp:term":[{"taxonomy":"product_cat","embeddable":true,"href":"https:\/\/tiendabaldini.com.ar\/index.php\/wp-json\/wp\/v2\/product_cat?post=1686"},{"taxonomy":"product_tag","embeddable":true,"href":"https:\/\/tiendabaldini.com.ar\/index.php\/wp-json\/wp\/v2\/product_tag?post=1686"}],"curies":[{"name":"wp","href":"https:\/\/api.w.org\/{rel}","templated":true}]}}