{"id":1395,"date":"2022-05-04T09:00:23","date_gmt":"2022-05-04T09:00:23","guid":{"rendered":"http:\/\/tiendabaldini.com.ar\/?post_type=product&#038;p=1395"},"modified":"2022-05-05T05:23:52","modified_gmt":"2022-05-05T05:23:52","slug":"naquasone-iny-x-20-ml-1352","status":"publish","type":"product","link":"https:\/\/tiendabaldini.com.ar\/index.php\/product\/naquasone-iny-x-20-ml-1352\/","title":{"rendered":"NAQUASONE iny X 20 ML (1352)"},"content":{"rendered":"<p><strong>Descripci\u00f3n:<\/strong><\/p>\n<div class=\"product-short-description\">\n<p>Corticoide y diur\u00e9tico. Combinaci\u00f3n diur\u00e9tica y antiinflamatoria efectiva en reducci\u00f3n de edema. Inyectable.<\/p>\n<p><strong>Indicaciones:<\/strong><\/p>\n<\/div>\n<p>Tratamiento del edema de ubre en las vacas lecheras. Edemas inflamatorios y no inflamatorios. Otros casos en que sea necesario incrementar la diuresis (como por ejemplo excreci\u00f3n por v\u00eda urinaria de productos t\u00f3xicos, toxemia de la pre\u00f1ez, etc.). Ha resultado eficaz para la prevenci\u00f3n de la hemorragia nasal (epistaxis).<\/p>\n<p><strong>Presentaci\u00f3n:<\/strong><\/p>\n<ul>\n<li>Frasco x 20 ml.<\/li>\n<\/ul>\n","protected":false},"excerpt":{"rendered":"<p><strong>Descripci\u00f3n:<\/strong><\/p>\n<div class=\"product-short-description\">\n<p>Corticoide y diur\u00e9tico. Inyectable.<\/p>\n<p><strong>Indicaciones:<\/strong><\/p>\n<\/div>\n<p>Tratamiento del edema de ubre en las vacas lecheras. Edemas inflamatorios y no inflamatorios. Otros casos en que sea necesario incrementar la diuresis (como por ejemplo excreci\u00f3n por v\u00eda urinaria de productos t\u00f3xicos, toxemia de la pre\u00f1ez, etc.). Ha resultado eficaz para la prevenci\u00f3n de la hemorragia nasal (epistaxis).<\/p>\n<p><strong>Presentaci\u00f3n:<\/strong><\/p>\n<ul>\n<li>Frasco x 20 ml.<\/li>\n<\/ul>\n","protected":false},"featured_media":1393,"template":"","meta":[],"product_cat":[357,196,19,28],"product_tag":[39,89,358],"_links":{"self":[{"href":"https:\/\/tiendabaldini.com.ar\/index.php\/wp-json\/wp\/v2\/product\/1395"}],"collection":[{"href":"https:\/\/tiendabaldini.com.ar\/index.php\/wp-json\/wp\/v2\/product"}],"about":[{"href":"https:\/\/tiendabaldini.com.ar\/index.php\/wp-json\/wp\/v2\/types\/product"}],"wp:featuredmedia":[{"embeddable":true,"href":"https:\/\/tiendabaldini.com.ar\/index.php\/wp-json\/wp\/v2\/media\/1393"}],"wp:attachment":[{"href":"https:\/\/tiendabaldini.com.ar\/index.php\/wp-json\/wp\/v2\/media?parent=1395"}],"wp:term":[{"taxonomy":"product_cat","embeddable":true,"href":"https:\/\/tiendabaldini.com.ar\/index.php\/wp-json\/wp\/v2\/product_cat?post=1395"},{"taxonomy":"product_tag","embeddable":true,"href":"https:\/\/tiendabaldini.com.ar\/index.php\/wp-json\/wp\/v2\/product_tag?post=1395"}],"curies":[{"name":"wp","href":"https:\/\/api.w.org\/{rel}","templated":true}]}}