{"id":1377,"date":"2022-05-04T04:25:14","date_gmt":"2022-05-04T04:25:14","guid":{"rendered":"http:\/\/tiendabaldini.com.ar\/?post_type=product&#038;p=1377"},"modified":"2022-05-05T05:26:33","modified_gmt":"2022-05-05T05:26:33","slug":"bykahepar-sol-inyect-x-100-ml-1344","status":"publish","type":"product","link":"https:\/\/tiendabaldini.com.ar\/index.php\/product\/bykahepar-sol-inyect-x-100-ml-1344\/","title":{"rendered":"BYKAHEPAR SOL INYECT X 100 ML (1344)"},"content":{"rendered":"<p><strong>Descripci\u00f3n:<\/strong><\/p>\n<div class=\"product-short-description\">\n<p>Estimulador inmediato de la actividad secretora hep\u00e1tica, g\u00e1strica y pancre\u00e1tica.<\/p>\n<p><strong>Indicaciones:<\/strong><\/p>\n<\/div>\n<p>Tratamiento de las disfunciones digestivas sensibles al est\u00edmulo de las secreciones gastro-enterales ex\u00f3genas. Acidosis ruminal, ingesti\u00f3n de alimentos en mal estado, putrefacci\u00f3n y sobrecarga ruminal, aton\u00edas digestivas, cetosis, timpanismo, estre\u00f1imiento, dispepsia, degeneraci\u00f3n hep\u00e1tica, inapetencia e intoxicaciones de diversos or\u00edgenes.<\/p>\n<p><strong>Presentaci\u00f3n:<\/strong><\/p>\n<ul>\n<li>Frasco ampolla x 100 ml.<\/li>\n<\/ul>\n","protected":false},"excerpt":{"rendered":"<p><strong>Descripci\u00f3n:<\/strong><\/p>\n<div class=\"product-short-description\">\n<p>Estimulador inmediato de la actividad secretora hep\u00e1tica, g\u00e1strica y pancre\u00e1tica.<\/p>\n<p><strong>Indicaciones:<\/strong><\/p>\n<\/div>\n<p>Tratamiento de las disfunciones digestivas sensibles al est\u00edmulo de las secreciones gastro-enterales ex\u00f3genas. Acidosis ruminal, ingesti\u00f3n de alimentos en mal estado, putrefacci\u00f3n y sobrecarga ruminal, aton\u00edas digestivas, cetosis, timpanismo, estre\u00f1imiento, dispepsia, degeneraci\u00f3n hep\u00e1tica, inapetencia e intoxicaciones de diversos or\u00edgenes.<\/p>\n<p><strong>Presentaci\u00f3n:<\/strong><\/p>\n<ul>\n<li>Frasco ampolla x 100 ml.<\/li>\n<\/ul>\n","protected":false},"featured_media":1380,"template":"","meta":[],"product_cat":[189,357,196,19],"product_tag":[55,90,358],"_links":{"self":[{"href":"https:\/\/tiendabaldini.com.ar\/index.php\/wp-json\/wp\/v2\/product\/1377"}],"collection":[{"href":"https:\/\/tiendabaldini.com.ar\/index.php\/wp-json\/wp\/v2\/product"}],"about":[{"href":"https:\/\/tiendabaldini.com.ar\/index.php\/wp-json\/wp\/v2\/types\/product"}],"wp:featuredmedia":[{"embeddable":true,"href":"https:\/\/tiendabaldini.com.ar\/index.php\/wp-json\/wp\/v2\/media\/1380"}],"wp:attachment":[{"href":"https:\/\/tiendabaldini.com.ar\/index.php\/wp-json\/wp\/v2\/media?parent=1377"}],"wp:term":[{"taxonomy":"product_cat","embeddable":true,"href":"https:\/\/tiendabaldini.com.ar\/index.php\/wp-json\/wp\/v2\/product_cat?post=1377"},{"taxonomy":"product_tag","embeddable":true,"href":"https:\/\/tiendabaldini.com.ar\/index.php\/wp-json\/wp\/v2\/product_tag?post=1377"}],"curies":[{"name":"wp","href":"https:\/\/api.w.org\/{rel}","templated":true}]}}