{"id":1273,"date":"2022-04-28T03:38:31","date_gmt":"2022-04-28T03:38:31","guid":{"rendered":"http:\/\/tiendabaldini.com.ar\/?post_type=product&#038;p=1273"},"modified":"2022-05-05T05:58:05","modified_gmt":"2022-05-05T05:58:05","slug":"viviram-v-x-10-ml-0740","status":"publish","type":"product","link":"https:\/\/tiendabaldini.com.ar\/index.php\/product\/viviram-v-x-10-ml-0740\/","title":{"rendered":"VIVIRAM-V X 10 ML (0740)"},"content":{"rendered":"<p><strong>Descripci\u00f3n:<\/strong><\/p>\n<div class=\"product-short-description\">\n<p>Soluci\u00f3n estimulante respiratorio a base de doxapram (anal\u00e9ptico). Inyectable.<\/p>\n<p><strong>Indicaciones:<\/strong><\/p>\n<\/div>\n<p>En animales con depresi\u00f3n ventilatoria por barbit\u00faricos, buprenorfina, xilacina y agentes inhalados. Acelera la recuperaci\u00f3n post anest\u00e9sica. Estimula el inicio de la respiraci\u00f3n en nonatos deprimidos. Para la medici\u00f3n del tiempo circulatorio en caballos.<\/p>\n<p><strong>Presentaci\u00f3n:<\/strong><\/p>\n<ul>\n<li>Frasco ampolla x 10 ml.<\/li>\n<\/ul>\n","protected":false},"excerpt":{"rendered":"<p><strong>Descripci\u00f3n:<\/strong><\/p>\n<div class=\"product-short-description\">\n<p>Soluci\u00f3n estimulante respiratorio a base de doxapram (anal\u00e9ptico). Inyectable.<\/p>\n<p><strong>Indicaciones:<\/strong><\/p>\n<\/div>\n<p>En animales con depresi\u00f3n ventilatoria por barbit\u00faricos, buprenorfina, xilacina y agentes inhalados. Acelera la recuperaci\u00f3n post anest\u00e9sica. Estimula el inicio de la respiraci\u00f3n en nonatos deprimidos. Para la medici\u00f3n del tiempo circulatorio en caballos.<\/p>\n<p><strong>Presentaci\u00f3n:<\/strong><\/p>\n<ul>\n<li>Frasco ampolla x 10 ml.<\/li>\n<\/ul>\n","protected":false},"featured_media":1274,"template":"","meta":[],"product_cat":[302,196],"product_tag":[307,303,78],"_links":{"self":[{"href":"https:\/\/tiendabaldini.com.ar\/index.php\/wp-json\/wp\/v2\/product\/1273"}],"collection":[{"href":"https:\/\/tiendabaldini.com.ar\/index.php\/wp-json\/wp\/v2\/product"}],"about":[{"href":"https:\/\/tiendabaldini.com.ar\/index.php\/wp-json\/wp\/v2\/types\/product"}],"wp:featuredmedia":[{"embeddable":true,"href":"https:\/\/tiendabaldini.com.ar\/index.php\/wp-json\/wp\/v2\/media\/1274"}],"wp:attachment":[{"href":"https:\/\/tiendabaldini.com.ar\/index.php\/wp-json\/wp\/v2\/media?parent=1273"}],"wp:term":[{"taxonomy":"product_cat","embeddable":true,"href":"https:\/\/tiendabaldini.com.ar\/index.php\/wp-json\/wp\/v2\/product_cat?post=1273"},{"taxonomy":"product_tag","embeddable":true,"href":"https:\/\/tiendabaldini.com.ar\/index.php\/wp-json\/wp\/v2\/product_tag?post=1273"}],"curies":[{"name":"wp","href":"https:\/\/api.w.org\/{rel}","templated":true}]}}