{"id":1268,"date":"2022-04-28T03:31:40","date_gmt":"2022-04-28T03:31:40","guid":{"rendered":"http:\/\/tiendabaldini.com.ar\/?post_type=product&#038;p=1268"},"modified":"2022-05-05T05:58:56","modified_gmt":"2022-05-05T05:58:56","slug":"butormin-x-10-ml-2245","status":"publish","type":"product","link":"https:\/\/tiendabaldini.com.ar\/index.php\/product\/butormin-x-10-ml-2245\/","title":{"rendered":"BUTORMIN X 10 Ml (2245)"},"content":{"rendered":"<p><strong>Descripci\u00f3n:<\/strong><\/p>\n<div class=\"product-short-description\">\n<p>Analg\u00e9sico a base de butorfanol. Inyectable.<\/p>\n<p>Analg\u00e9sico, opioide sint\u00e9tico agonista-antagonista, con una potencia mayor a la de la morfina y m\u00ednimos efectos cardiovasculares.<\/p>\n<p><strong>Indicaciones:<\/strong><\/p>\n<\/div>\n<p>Analgesia pre, intra y postquir\u00fargico. Se puede administrar junto con la premedicaci\u00f3n. Potenciar los efectos sedantes de los tranquilizantes : Midazolam &#8211; Diazepam- Acepromazina, con esta \u00faltima, mejora la sedaci\u00f3n sobre todo en razas caninas medianas y grandes. Puede combinarse durante la anestesia con Ketamina.<\/p>\n<p><strong>Presentaci\u00f3n:<\/strong><\/p>\n<ul>\n<li>Frasco ampolla x 10 ml.<\/li>\n<\/ul>\n","protected":false},"excerpt":{"rendered":"<p><strong>Descripci\u00f3n:<\/strong><\/p>\n<div class=\"product-short-description\">\n<p>Analg\u00e9sico a base de butorfanol. Inyectable.<\/p>\n<p>Analg\u00e9sico, opioide sint\u00e9tico agonista-antagonista, con una potencia mayor a la de la morfina y m\u00ednimos efectos cardiovasculares.<\/p>\n<p><strong>Indicaciones:<\/strong><\/p>\n<\/div>\n<p>Analgesia pre, intra y postquir\u00fargico. Se puede administrar junto con la premedicaci\u00f3n. Potenciar los efectos sedantes de los tranquilizantes : Midazolam &#8211; Diazepam- Acepromazina, con esta \u00faltima, mejora la sedaci\u00f3n sobre todo en razas caninas medianas y grandes. Puede combinarse durante la anestesia con Ketamina.<\/p>\n<p><strong>Presentaci\u00f3n:<\/strong><\/p>\n<ul>\n<li>Frasco ampolla x 10 ml.<\/li>\n<\/ul>\n","protected":false},"featured_media":1269,"template":"","meta":[],"product_cat":[302,196,19,28],"product_tag":[79,306,303,78],"_links":{"self":[{"href":"https:\/\/tiendabaldini.com.ar\/index.php\/wp-json\/wp\/v2\/product\/1268"}],"collection":[{"href":"https:\/\/tiendabaldini.com.ar\/index.php\/wp-json\/wp\/v2\/product"}],"about":[{"href":"https:\/\/tiendabaldini.com.ar\/index.php\/wp-json\/wp\/v2\/types\/product"}],"wp:featuredmedia":[{"embeddable":true,"href":"https:\/\/tiendabaldini.com.ar\/index.php\/wp-json\/wp\/v2\/media\/1269"}],"wp:attachment":[{"href":"https:\/\/tiendabaldini.com.ar\/index.php\/wp-json\/wp\/v2\/media?parent=1268"}],"wp:term":[{"taxonomy":"product_cat","embeddable":true,"href":"https:\/\/tiendabaldini.com.ar\/index.php\/wp-json\/wp\/v2\/product_cat?post=1268"},{"taxonomy":"product_tag","embeddable":true,"href":"https:\/\/tiendabaldini.com.ar\/index.php\/wp-json\/wp\/v2\/product_tag?post=1268"}],"curies":[{"name":"wp","href":"https:\/\/api.w.org\/{rel}","templated":true}]}}