{"id":1255,"date":"2022-04-28T03:12:26","date_gmt":"2022-04-28T03:12:26","guid":{"rendered":"http:\/\/tiendabaldini.com.ar\/?post_type=product&#038;p=1255"},"modified":"2022-05-05T05:59:59","modified_gmt":"2022-05-05T05:59:59","slug":"ice-nut-x-1-kg-3839","status":"publish","type":"product","link":"https:\/\/tiendabaldini.com.ar\/index.php\/product\/ice-nut-x-1-kg-3839\/","title":{"rendered":"ICE NUT X 1 KG (3839)"},"content":{"rendered":"<p><strong>Descripci\u00f3n:<\/strong><\/p>\n<div class=\"product-short-description\">\n<p>Barro equino. Antiflog\u00edstico de aplicaci\u00f3n t\u00f3pica.<\/p>\n<p><strong>Indicaciones:<\/strong><\/p>\n<\/div>\n<p>Para el tratamiento de trastornos m\u00fasculo esquel\u00e9ticos y articulares tales como contusiones, edemas, tendinitis, sinovitis, bursitis y esguinces.<\/p>\n<p><strong>Presentaci\u00f3n:<\/strong><\/p>\n<ul>\n<li>\u00a0Envase x 1 kg.<\/li>\n<\/ul>\n","protected":false},"excerpt":{"rendered":"<p><strong>Descripci\u00f3n:<\/strong><\/p>\n<div class=\"product-short-description\">\n<p>Barro equino. Antiflog\u00edstico de aplicaci\u00f3n t\u00f3pica.<\/p>\n<p><strong>Indicaciones:<\/strong><\/p>\n<\/div>\n<p>Para el tratamiento de trastornos m\u00fasculo esquel\u00e9ticos y articulares tales como contusiones, edemas, tendinitis, sinovitis, bursitis y esguinces.<\/p>\n<p><strong>Presentaci\u00f3n:<\/strong><\/p>\n<ul>\n<li>\u00a0Envase x 1 kg.<\/li>\n<\/ul>\n","protected":false},"featured_media":1256,"template":"","meta":[],"product_cat":[298,196],"product_tag":[82,301,299],"_links":{"self":[{"href":"https:\/\/tiendabaldini.com.ar\/index.php\/wp-json\/wp\/v2\/product\/1255"}],"collection":[{"href":"https:\/\/tiendabaldini.com.ar\/index.php\/wp-json\/wp\/v2\/product"}],"about":[{"href":"https:\/\/tiendabaldini.com.ar\/index.php\/wp-json\/wp\/v2\/types\/product"}],"wp:featuredmedia":[{"embeddable":true,"href":"https:\/\/tiendabaldini.com.ar\/index.php\/wp-json\/wp\/v2\/media\/1256"}],"wp:attachment":[{"href":"https:\/\/tiendabaldini.com.ar\/index.php\/wp-json\/wp\/v2\/media?parent=1255"}],"wp:term":[{"taxonomy":"product_cat","embeddable":true,"href":"https:\/\/tiendabaldini.com.ar\/index.php\/wp-json\/wp\/v2\/product_cat?post=1255"},{"taxonomy":"product_tag","embeddable":true,"href":"https:\/\/tiendabaldini.com.ar\/index.php\/wp-json\/wp\/v2\/product_tag?post=1255"}],"curies":[{"name":"wp","href":"https:\/\/api.w.org\/{rel}","templated":true}]}}