{"id":1235,"date":"2022-04-27T04:31:13","date_gmt":"2022-04-27T04:31:13","guid":{"rendered":"http:\/\/tiendabaldini.com.ar\/?post_type=product&#038;p=1235"},"modified":"2022-05-05T06:03:18","modified_gmt":"2022-05-05T06:03:18","slug":"ceftocidin-endo-equ-bov-0674","status":"publish","type":"product","link":"https:\/\/tiendabaldini.com.ar\/index.php\/product\/ceftocidin-endo-equ-bov-0674\/","title":{"rendered":"CEFTOCIDIN ENDO EQU\/BOV (0674)"},"content":{"rendered":"<p><strong>Descripci\u00f3n:<\/strong><\/p>\n<div class=\"product-short-description\">\n<p>Antibi\u00f3tico t\u00f3pico para el tratamiento de las infecciones uterinas (endometritis).\u200b<\/p>\n<\/div>\n<p><strong>Indicaciones:<\/strong><\/p>\n<p>Indicado para las infecciones del endometrio tanto en bovinos como en equinos, provocadas por g\u00e9rmenes sensibles, es decir, endometritis subaguda o cr\u00f3nica (hembra repetidora por causa infecciosa) con o sin aparici\u00f3n de secreciones por vulva.<\/p>\n<p><strong>Presentaci\u00f3n:<\/strong><\/p>\n<ul>\n<li>Caja t\u00e9rmica conteniendo 1 inyector\u00a0 y 1 c\u00e1nula intrauterina anexa.<\/li>\n<\/ul>\n","protected":false},"excerpt":{"rendered":"<p><strong>Descripci\u00f3n:<\/strong><\/p>\n<div class=\"product-short-description\">\n<p>Antibi\u00f3tico t\u00f3pico para el tratamiento de las infecciones uterinas (endometritis).\u200b<\/p>\n<\/div>\n<p><strong>Indicaciones:<\/strong><\/p>\n<p>Indicado para las infecciones del endometrio tanto en bovinos como en equinos, provocadas por g\u00e9rmenes sensibles, es decir, endometritis subaguda o cr\u00f3nica (hembra repetidora por causa infecciosa) con o sin aparici\u00f3n de secreciones por vulva.<\/p>\n<p><strong>Presentaci\u00f3n:<\/strong><\/p>\n<ul>\n<li>Caja t\u00e9rmica conteniendo 1 inyector\u00a0 y 1 c\u00e1nula intrauterina anexa.<\/li>\n<\/ul>\n","protected":false},"featured_media":1236,"template":"","meta":[],"product_cat":[286,196],"product_tag":[75,287,289,288],"_links":{"self":[{"href":"https:\/\/tiendabaldini.com.ar\/index.php\/wp-json\/wp\/v2\/product\/1235"}],"collection":[{"href":"https:\/\/tiendabaldini.com.ar\/index.php\/wp-json\/wp\/v2\/product"}],"about":[{"href":"https:\/\/tiendabaldini.com.ar\/index.php\/wp-json\/wp\/v2\/types\/product"}],"wp:featuredmedia":[{"embeddable":true,"href":"https:\/\/tiendabaldini.com.ar\/index.php\/wp-json\/wp\/v2\/media\/1236"}],"wp:attachment":[{"href":"https:\/\/tiendabaldini.com.ar\/index.php\/wp-json\/wp\/v2\/media?parent=1235"}],"wp:term":[{"taxonomy":"product_cat","embeddable":true,"href":"https:\/\/tiendabaldini.com.ar\/index.php\/wp-json\/wp\/v2\/product_cat?post=1235"},{"taxonomy":"product_tag","embeddable":true,"href":"https:\/\/tiendabaldini.com.ar\/index.php\/wp-json\/wp\/v2\/product_tag?post=1235"}],"curies":[{"name":"wp","href":"https:\/\/api.w.org\/{rel}","templated":true}]}}