{"id":1217,"date":"2022-04-27T03:17:56","date_gmt":"2022-04-27T03:17:56","guid":{"rendered":"http:\/\/tiendabaldini.com.ar\/?post_type=product&#038;p=1217"},"modified":"2022-05-05T06:05:57","modified_gmt":"2022-05-05T06:05:57","slug":"equidiet-total-x-25-kg-0567","status":"publish","type":"product","link":"https:\/\/tiendabaldini.com.ar\/index.php\/product\/equidiet-total-x-25-kg-0567\/","title":{"rendered":"EQUIDIET TOTAL x 25 kg (0567)"},"content":{"rendered":"<p><strong>Descripci\u00f3n:<\/strong><\/p>\n<p>Suplemento nutricional integral (yeguas madre y potrillos).<\/p>\n<p><strong>Indicaciones:<\/strong><\/p>\n<p>F\u00f3rmula destinada a corregir las deficiencias nutricionales de las raciones tradicionales en caballos con requerimientos elevados: alto rendimiento, crecimiento, reproducci\u00f3n y recuperaci\u00f3n.<\/p>\n<p>Mejora el rendimiento en la competencia. Mayor desarrollo del potrillo en crecimiento. R\u00e1pida recuperaci\u00f3n en caballos enfermos. Mayor fertilidad. Mayor producci\u00f3n de leche en cantidad y calidad. Estado ideal para exposici\u00f3n. Pelaje sano y brilloso.<\/p>\n<p><strong>Presentaci\u00f3n:<\/strong><\/p>\n<ul>\n<li>Bolsa x 25 kgs.<\/li>\n<\/ul>\n","protected":false},"excerpt":{"rendered":"<p><strong>Descripci\u00f3n:<\/strong><\/p>\n<p>Suplemento nutricional integral (yeguas madre y potrillos).<\/p>\n<p><strong>Indicaciones:<\/strong><\/p>\n<p>F\u00f3rmula destinada a corregir las deficiencias nutricionales de las raciones tradicionales en caballos con requerimientos elevados: alto rendimiento, crecimiento, reproducci\u00f3n y recuperaci\u00f3n.<\/p>\n<p>Mejora el rendimiento en la competencia. Mayor desarrollo del potrillo en crecimiento. R\u00e1pida recuperaci\u00f3n en caballos enfermos. Mayor fertilidad. Mayor producci\u00f3n de leche en cantidad y calidad. Estado ideal para exposici\u00f3n. Pelaje sano y brilloso.<\/p>\n<p><strong>Presentaci\u00f3n:<\/strong><\/p>\n<ul>\n<li>Bolsa x 25 kgs.<\/li>\n<\/ul>\n","protected":false},"featured_media":1218,"template":"","meta":[],"product_cat":[267,196,222,224],"product_tag":[279,268,48],"_links":{"self":[{"href":"https:\/\/tiendabaldini.com.ar\/index.php\/wp-json\/wp\/v2\/product\/1217"}],"collection":[{"href":"https:\/\/tiendabaldini.com.ar\/index.php\/wp-json\/wp\/v2\/product"}],"about":[{"href":"https:\/\/tiendabaldini.com.ar\/index.php\/wp-json\/wp\/v2\/types\/product"}],"wp:featuredmedia":[{"embeddable":true,"href":"https:\/\/tiendabaldini.com.ar\/index.php\/wp-json\/wp\/v2\/media\/1218"}],"wp:attachment":[{"href":"https:\/\/tiendabaldini.com.ar\/index.php\/wp-json\/wp\/v2\/media?parent=1217"}],"wp:term":[{"taxonomy":"product_cat","embeddable":true,"href":"https:\/\/tiendabaldini.com.ar\/index.php\/wp-json\/wp\/v2\/product_cat?post=1217"},{"taxonomy":"product_tag","embeddable":true,"href":"https:\/\/tiendabaldini.com.ar\/index.php\/wp-json\/wp\/v2\/product_tag?post=1217"}],"curies":[{"name":"wp","href":"https:\/\/api.w.org\/{rel}","templated":true}]}}