{"id":1212,"date":"2022-04-27T03:10:21","date_gmt":"2022-04-27T03:10:21","guid":{"rendered":"http:\/\/tiendabaldini.com.ar\/?post_type=product&#038;p=1212"},"modified":"2022-05-05T06:06:27","modified_gmt":"2022-05-05T06:06:27","slug":"equidiet-sweet-extra-fort-x-25-kg-2658","status":"publish","type":"product","link":"https:\/\/tiendabaldini.com.ar\/index.php\/product\/equidiet-sweet-extra-fort-x-25-kg-2658\/","title":{"rendered":"EQUIDIET SWEET EXTRA FORT X 25 KG (2658)"},"content":{"rendered":"<p><strong>Descripci\u00f3n:<\/strong><\/p>\n<p>Suplemento energ\u00e9tico texturizado.<\/p>\n<p><strong>Indicaciones:<\/strong><\/p>\n<p>Provee energ\u00eda necesaria para una \u00f3ptima performance. Cubre los d\u00e9fi\u00adcit nutricionales de la raci\u00f3n tradicional.<br \/>\nExcelente palatabilidad. Combate el estr\u00e9s oxidativo (antioxidantes). Refuerza el sistema inmune. Disminuye la probabilidad de patolog\u00edas intestinales (c\u00f3licos, laminitis). Suministro controlado de la energ\u00eda y prevenci\u00f3n de acidosis, calambres e infosura. Inclusi\u00f3n de MOS (Oligosac\u00e1ridos Mananos) para mantener integridad intestinal y estimular la inmunidad.<\/p>\n<p><strong>Presentaci\u00f3n:<\/strong><\/p>\n<ul>\n<li>Bolsa x 25 kgs.<\/li>\n<\/ul>\n","protected":false},"excerpt":{"rendered":"<p><strong>Descripci\u00f3n:<\/strong><\/p>\n<p>Suplemento energ\u00e9tico texturizado.<\/p>\n<p><strong>Indicaciones:<\/strong><\/p>\n<p>Provee energ\u00eda necesaria para una \u00f3ptima performance. Cubre los d\u00e9fi\u00adcit nutricionales de la raci\u00f3n tradicional.<br \/>\nExcelente palatabilidad. Combate el estr\u00e9s oxidativo (antioxidantes). Refuerza el sistema inmune. Disminuye la probabilidad de patolog\u00edas intestinales (c\u00f3licos, laminitis). Suministro controlado de la energ\u00eda y prevenci\u00f3n de acidosis, calambres e infosura. Inclusi\u00f3n de MOS (Oligosac\u00e1ridos Mananos) para mantener integridad intestinal y estimular la inmunidad.<\/p>\n<p><strong>Presentaci\u00f3n:<\/strong><\/p>\n<ul>\n<li>Bolsa x 25 kgs.<\/li>\n<\/ul>\n","protected":false},"featured_media":1213,"template":"","meta":[],"product_cat":[267,196,222,224],"product_tag":[51,268,48],"_links":{"self":[{"href":"https:\/\/tiendabaldini.com.ar\/index.php\/wp-json\/wp\/v2\/product\/1212"}],"collection":[{"href":"https:\/\/tiendabaldini.com.ar\/index.php\/wp-json\/wp\/v2\/product"}],"about":[{"href":"https:\/\/tiendabaldini.com.ar\/index.php\/wp-json\/wp\/v2\/types\/product"}],"wp:featuredmedia":[{"embeddable":true,"href":"https:\/\/tiendabaldini.com.ar\/index.php\/wp-json\/wp\/v2\/media\/1213"}],"wp:attachment":[{"href":"https:\/\/tiendabaldini.com.ar\/index.php\/wp-json\/wp\/v2\/media?parent=1212"}],"wp:term":[{"taxonomy":"product_cat","embeddable":true,"href":"https:\/\/tiendabaldini.com.ar\/index.php\/wp-json\/wp\/v2\/product_cat?post=1212"},{"taxonomy":"product_tag","embeddable":true,"href":"https:\/\/tiendabaldini.com.ar\/index.php\/wp-json\/wp\/v2\/product_tag?post=1212"}],"curies":[{"name":"wp","href":"https:\/\/api.w.org\/{rel}","templated":true}]}}