{"id":1199,"date":"2022-04-27T02:45:26","date_gmt":"2022-04-27T02:45:26","guid":{"rendered":"http:\/\/tiendabaldini.com.ar\/?post_type=product&#038;p=1199"},"modified":"2022-05-05T06:07:36","modified_gmt":"2022-05-05T06:07:36","slug":"equidiet-haras-x-25-kg-1819","status":"publish","type":"product","link":"https:\/\/tiendabaldini.com.ar\/index.php\/product\/equidiet-haras-x-25-kg-1819\/","title":{"rendered":"EQUIDIET HARAS X 25 KG (1819)"},"content":{"rendered":"<p><strong>Descripci\u00f3n:<\/strong><\/p>\n<p>Alimento completo para la cr\u00eda: potrillos, destetes y yeguas madres.<\/p>\n<p><strong>Indicaciones:<\/strong><\/p>\n<p>Para mejorar el desarrollo del potrillo en crecimiento (reduce presentaci\u00f3n de enfermedades osteoarticulares). Para reducir el estr\u00e9s al destete. Aumentar respuesta del sistema inmune. Mayor inmunidad para el potrillo. Mejor producci\u00f3n de leche. Buena digestibilidad.<\/p>\n<p><strong>Presentaci\u00f3n:<\/strong><\/p>\n<ul>\n<li>Bolsa x 25 kgs.<\/li>\n<\/ul>\n","protected":false},"excerpt":{"rendered":"<p><strong>Descripci\u00f3n:<\/strong><\/p>\n<p>Alimento completo para la cr\u00eda: potrillos, destetes y yeguas madres.<\/p>\n<p><strong>Indicaciones:<\/strong><\/p>\n<p>Para mejorar el desarrollo del potrillo en crecimiento (reduce presentaci\u00f3n de enfermedades osteoarticulares). Para reducir el estr\u00e9s al destete. Aumentar respuesta del sistema inmune. Mayor inmunidad para el potrillo. Mejor producci\u00f3n de leche. Buena digestibilidad.<\/p>\n<p><strong>Presentaci\u00f3n:<\/strong><\/p>\n<ul>\n<li>Bolsa x 25 kgs.<\/li>\n<\/ul>\n","protected":false},"featured_media":1200,"template":"","meta":[],"product_cat":[223,267,196,222],"product_tag":[271,273,268,274],"_links":{"self":[{"href":"https:\/\/tiendabaldini.com.ar\/index.php\/wp-json\/wp\/v2\/product\/1199"}],"collection":[{"href":"https:\/\/tiendabaldini.com.ar\/index.php\/wp-json\/wp\/v2\/product"}],"about":[{"href":"https:\/\/tiendabaldini.com.ar\/index.php\/wp-json\/wp\/v2\/types\/product"}],"wp:featuredmedia":[{"embeddable":true,"href":"https:\/\/tiendabaldini.com.ar\/index.php\/wp-json\/wp\/v2\/media\/1200"}],"wp:attachment":[{"href":"https:\/\/tiendabaldini.com.ar\/index.php\/wp-json\/wp\/v2\/media?parent=1199"}],"wp:term":[{"taxonomy":"product_cat","embeddable":true,"href":"https:\/\/tiendabaldini.com.ar\/index.php\/wp-json\/wp\/v2\/product_cat?post=1199"},{"taxonomy":"product_tag","embeddable":true,"href":"https:\/\/tiendabaldini.com.ar\/index.php\/wp-json\/wp\/v2\/product_tag?post=1199"}],"curies":[{"name":"wp","href":"https:\/\/api.w.org\/{rel}","templated":true}]}}