{"id":1173,"date":"2022-04-20T08:33:55","date_gmt":"2022-04-20T08:33:55","guid":{"rendered":"http:\/\/tiendabaldini.com.ar\/?post_type=product&#038;p=1173"},"modified":"2022-05-05T06:11:43","modified_gmt":"2022-05-05T06:11:43","slug":"neurolitico-plus-x-50-cc-equi-systems-2850","status":"publish","type":"product","link":"https:\/\/tiendabaldini.com.ar\/index.php\/product\/neurolitico-plus-x-50-cc-equi-systems-2850\/","title":{"rendered":"NEUROLITICO PLUS x 50 cc (Equi-Systems) (2850)"},"content":{"rendered":"<p><strong>Descripci\u00f3n:<\/strong><\/p>\n<p>Neurol\u00edtico. Inyectable.<\/p>\n<p><strong>Indicaciones:<\/strong><\/p>\n<p>Destinado a provocar una neur\u00f3lisis temporal de los nervios peroneo superficial y profundo, y eventualmente del nervio tibial, con el fin de reducir el dolor en la articulaci\u00f3n del tarso, en trastornos cr\u00f3nicos. Esta reducci\u00f3n del dolor produce un aumento de la movilidad articular y una mayor irrigaci\u00f3n de la zona, a la vez que mejora la calidad de vida del caballo.<\/p>\n<p><strong>Presentaci\u00f3n:<\/strong><\/p>\n<ul>\n<li>Frasco ampolla x 50 ml.<\/li>\n<\/ul>\n","protected":false},"excerpt":{"rendered":"<p><strong>Descripci\u00f3n:<\/strong><\/p>\n<p>Neurol\u00edtico. Inyectable.<\/p>\n<p><strong>Indicaciones:<\/strong><\/p>\n<p>Destinado a provocar una neur\u00f3lisis temporal de los nervios peroneo superficial y profundo, y eventualmente del nervio tibial, con el fin de reducir el dolor en la articulaci\u00f3n del tarso, en trastornos cr\u00f3nicos. Esta reducci\u00f3n del dolor produce un aumento de la movilidad articular y una mayor irrigaci\u00f3n de la zona, a la vez que mejora la calidad de vida del caballo.<\/p>\n<p><strong>Presentaci\u00f3n:<\/strong><\/p>\n<ul>\n<li>Frasco ampolla x 50 ml.<\/li>\n<\/ul>\n","protected":false},"featured_media":1174,"template":"","meta":[],"product_cat":[261,196,19,28,32],"product_tag":[262,78,265],"_links":{"self":[{"href":"https:\/\/tiendabaldini.com.ar\/index.php\/wp-json\/wp\/v2\/product\/1173"}],"collection":[{"href":"https:\/\/tiendabaldini.com.ar\/index.php\/wp-json\/wp\/v2\/product"}],"about":[{"href":"https:\/\/tiendabaldini.com.ar\/index.php\/wp-json\/wp\/v2\/types\/product"}],"wp:featuredmedia":[{"embeddable":true,"href":"https:\/\/tiendabaldini.com.ar\/index.php\/wp-json\/wp\/v2\/media\/1174"}],"wp:attachment":[{"href":"https:\/\/tiendabaldini.com.ar\/index.php\/wp-json\/wp\/v2\/media?parent=1173"}],"wp:term":[{"taxonomy":"product_cat","embeddable":true,"href":"https:\/\/tiendabaldini.com.ar\/index.php\/wp-json\/wp\/v2\/product_cat?post=1173"},{"taxonomy":"product_tag","embeddable":true,"href":"https:\/\/tiendabaldini.com.ar\/index.php\/wp-json\/wp\/v2\/product_tag?post=1173"}],"curies":[{"name":"wp","href":"https:\/\/api.w.org\/{rel}","templated":true}]}}